{"id":8512,"date":"2023-12-05T08:36:34","date_gmt":"2023-12-05T11:36:34","guid":{"rendered":"https:\/\/isfd803-chu.infd.edu.ar\/sitio\/?page_id=8512"},"modified":"2026-03-21T09:13:12","modified_gmt":"2026-03-21T12:13:12","slug":"tecnicatura-superior-en-ninez-adolescencia-y-familia","status":"publish","type":"page","link":"https:\/\/isfd803-chu.infd.edu.ar\/sitio\/tecnicatura-superior-en-ninez-adolescencia-y-familia\/","title":{"rendered":"Tecnicatura Superior en Ni\u00f1ez, Adolescencia y Familia"},"content":{"rendered":"\n<p><a href=\"https:\/\/isfd803-chu.infd.edu.ar\/sitio\/wp-content\/uploads\/2023\/12\/DISEN_O_TS_Nin_ez_y_Familia_2016.pdf\">Dise\u00f1o Curricular Jurisdiccional <\/a>Res. 193\/16<\/p>\n\n\n\n<p><a href=\"https:\/\/isfd803-chu.infd.edu.ar\/sitio\/wp-content\/uploads\/2026\/03\/Diseno-Curricular-NAyF.pdf\">Dise\u00f1o Curricular Jurisdiccional<\/a> Res. 19\/26 <img decoding=\"async\" loading=\"lazy\" width=\"652\" height=\"205\" class=\"wp-image-6684\" style=\"width: 70px;\" src=\"https:\/\/isfd803-chu.infd.edu.ar\/sitio\/wp-content\/uploads\/2022\/08\/nuevo.png\" alt=\"\"><\/p>\n\n\n\n<p><\/p>\n\n\n\n<figure class=\"wp-block-table aligncenter\"><table><tbody><tr><td><strong>Primer A\u00f1o<\/strong><\/td><td><\/td><\/tr><tr><td>Problem\u00e1ticas SocioCulturales Contempor\u00e1ne as<\/td><td><\/td><\/tr><tr><td>Comunicaci\u00f3n Social<\/td><td><a href=\"https:\/\/isfd803-chu.infd.edu.ar\/sitio\/wp-content\/uploads\/2024\/05\/Tec-Ninez.-Comunicacion-Social.-Facundo-Martinez-Facundo-Martinez.doc\">2024<\/a><\/td><\/tr><tr><td>Metodolog\u00eda de la Investigaci\u00f3n Social<\/td><td><a href=\"https:\/\/isfd803-chu.infd.edu.ar\/sitio\/wp-content\/uploads\/2024\/05\/MODELO-PROGRAMA-2024-sabrina-cabello.doc\">2024<\/a><\/td><\/tr><tr><td>Derecho de Ni\u00f1ez, Adolescencia y Familia. Normas e implicancias<\/td><td><\/td><\/tr><tr><td>Psicolog\u00eda del Desarrollo<\/td><td><a href=\"https:\/\/isfd803-chu.infd.edu.ar\/sitio\/wp-content\/uploads\/2024\/05\/PROGRAMA-PSICO-DEL-DESARROLLO-MONICA-ANDRADE.pdf\">2024<\/a><\/td><\/tr><tr><td>Practica Profesionalizante I<\/td><td><\/td><\/tr><\/tbody><\/table><\/figure>\n\n\n\n<figure class=\"wp-block-table aligncenter\"><table><tbody><tr><td><strong>Segundo A\u00f1o<\/strong><\/td><td><\/td><\/tr><tr><td>Estado y Pol\u00edticas P\u00fablicas Sociales<\/td><td><a href=\"https:\/\/isfd803-chu.infd.edu.ar\/sitio\/wp-content\/uploads\/2025\/10\/ProgramaEdoy-Pol-publicas-Sabrina-Profesora.doc\">2025<\/a><\/td><\/tr><tr><td>Pedagog\u00eda y Educaci\u00f3n Social<\/td><td><\/td><\/tr><tr><td>Planificaci\u00f3n y gesti\u00f3n administrativa<\/td><td><\/td><\/tr><tr><td>Sistema de Protecci\u00f3n Integral de Derechos<\/td><td><\/td><\/tr><tr><td>EDI I<\/td><td><\/td><\/tr><tr><td>Estrategias de Intervenci\u00f3n Territorial<\/td><td><\/td><\/tr><tr><td>Problem\u00e1ticas de la Ni\u00f1ez, Adolescencia y Familia<\/td><td><\/td><\/tr><tr><td>Practica Profesionalizante II<\/td><td><a href=\"https:\/\/isfd803-chu.infd.edu.ar\/sitio\/wp-content\/uploads\/2025\/10\/PROGRAMA-PRACTICA-PROFESIONALIZANTE-II-2025-Sabrina-Profesora.doc\">2025<\/a><\/td><\/tr><\/tbody><\/table><\/figure>\n\n\n\n<figure class=\"wp-block-table aligncenter\"><table><tbody><tr><td><strong>Tercer A\u00f1o<\/strong><\/td><td><\/td><\/tr><tr><td>Procesos Pol\u00edtico Econ\u00f3micos y el mundo del trabajo<\/td><td><\/td><\/tr><tr><td>Dise\u00f1o y evaluaci\u00f3n de Dispositivos de promoci\u00f3n social<\/td><td><\/td><\/tr><tr><td>\u00c9tica Profesional<\/td><td><\/td><\/tr><tr><td>Salud, recreaci\u00f3n y Sociedad<\/td><td><\/td><\/tr><tr><td>Mediaci\u00f3n y m\u00e9todos participativos de resoluci\u00f3n de conflictos<\/td><td><\/td><\/tr><tr><td>EDI II<\/td><td><\/td><\/tr><tr><td>Practica Profesionalizante III<\/td><td><\/td><\/tr><\/tbody><\/table><\/figure>\n","protected":false},"excerpt":{"rendered":"<p>Dise\u00f1o Curricular Jurisdiccional Res. 193\/16 Dise\u00f1o Curricular Jurisdiccional Res. 19\/26 Primer A\u00f1o Problem\u00e1ticas SocioCulturales Contempor\u00e1ne as Comunicaci\u00f3n Social 2024 Metodolog\u00eda de la Investigaci\u00f3n Social 2024 Derecho de Ni\u00f1ez, Adolescencia y Familia. Normas e implicancias Psicolog\u00eda del Desarrollo 2024 Practica Profesionalizante I Segundo A\u00f1o Estado y Pol\u00edticas P\u00fablicas Sociales 2025 Pedagog\u00eda y Educaci\u00f3n Social Planificaci\u00f3n y &#8230; <a title=\"Tecnicatura Superior en Ni\u00f1ez, Adolescencia y Familia\" class=\"read-more\" href=\"https:\/\/isfd803-chu.infd.edu.ar\/sitio\/tecnicatura-superior-en-ninez-adolescencia-y-familia\/\" aria-label=\"More on Tecnicatura Superior en Ni\u00f1ez, Adolescencia y Familia\">[+]<\/a><\/p>\n","protected":false},"author":14,"featured_media":0,"parent":0,"menu_order":0,"comment_status":"closed","ping_status":"closed","template":"","meta":[],"acf":[],"_links":{"self":[{"href":"https:\/\/isfd803-chu.infd.edu.ar\/sitio\/wp-json\/wp\/v2\/pages\/8512"}],"collection":[{"href":"https:\/\/isfd803-chu.infd.edu.ar\/sitio\/wp-json\/wp\/v2\/pages"}],"about":[{"href":"https:\/\/isfd803-chu.infd.edu.ar\/sitio\/wp-json\/wp\/v2\/types\/page"}],"author":[{"embeddable":true,"href":"https:\/\/isfd803-chu.infd.edu.ar\/sitio\/wp-json\/wp\/v2\/users\/14"}],"replies":[{"embeddable":true,"href":"https:\/\/isfd803-chu.infd.edu.ar\/sitio\/wp-json\/wp\/v2\/comments?post=8512"}],"version-history":[{"count":13,"href":"https:\/\/isfd803-chu.infd.edu.ar\/sitio\/wp-json\/wp\/v2\/pages\/8512\/revisions"}],"predecessor-version":[{"id":11595,"href":"https:\/\/isfd803-chu.infd.edu.ar\/sitio\/wp-json\/wp\/v2\/pages\/8512\/revisions\/11595"}],"wp:attachment":[{"href":"https:\/\/isfd803-chu.infd.edu.ar\/sitio\/wp-json\/wp\/v2\/media?parent=8512"}],"curies":[{"name":"wp","href":"https:\/\/api.w.org\/{rel}","templated":true}]}}