{"id":5276,"date":"2021-03-04T21:39:54","date_gmt":"2021-03-05T00:39:54","guid":{"rendered":"https:\/\/isfd803-chu.infd.edu.ar\/sitio\/?page_id=5276"},"modified":"2025-11-04T20:05:15","modified_gmt":"2025-11-04T23:05:15","slug":"profesorado-de-educacion-secundaria-en-fisica-res-n-545-19","status":"publish","type":"page","link":"https:\/\/isfd803-chu.infd.edu.ar\/sitio\/profesorado-de-fisica-res-305-14-cohorte-2015\/profesorado-de-educacion-secundaria-en-fisica-res-n-545-19\/","title":{"rendered":"PROFESORADO DE EDUCACI\u00d3N SECUNDARIA EN F\u00cdSICA (Res. N\u00b0 545\/19)"},"content":{"rendered":"<h1>DOCUMENTOS<\/h1>\n<p><img decoding=\"async\" loading=\"lazy\" class=\"\" src=\"https:\/\/isfd803-chu.infd.edu.ar\/sitio\/wp-content\/uploads\/2018\/07\/pdf_icono.jpg\" width=\"81\" height=\"81\">&nbsp;<a href=\"https:\/\/isfd803-chu.infd.edu.ar\/sitio\/wp-content\/uploads\/2021\/03\/DC_PES-FIS19-545-19.pdf\">Dise\u00f1o Curricular Jurisdiccional<\/a>&nbsp; &nbsp; &nbsp; &nbsp; &nbsp; &nbsp; &nbsp; &nbsp; &nbsp; &nbsp; &nbsp; &nbsp;&nbsp;<img decoding=\"async\" loading=\"lazy\" title=\"\" src=\"https:\/\/isfd803-chu.infd.edu.ar\/sitio\/wp-content\/uploads\/2018\/07\/pdf_icono.jpg\" alt=\"\" width=\"53\" height=\"53\" border=\"0\"><a href=\"https:\/\/isfd803-chu.infd.edu.ar\/sitio\/wp-content\/uploads\/2021\/03\/Microsoft-Word-DC-FIS-final-con-\u00c3-ndice-pag-20-estruc-curricular.pdf\">Estructura Curricular \u2013 Plan de Estudios<\/a><\/p>\n<p><\/p>\n<h1>PROGRAMAS<\/h1>\n\n\n<h2 class=\"wp-block-heading\">PRIMER A\u00d1O<\/h2>\n\n\n\n<figure class=\"wp-block-table\"><table><tbody><tr><td>Lectura y Escritura Acad\u00e9mica<\/td><td class=\"has-text-align-center\" data-align=\"center\"><\/td><\/tr><tr><td>Psicolog\u00eda Educacional<\/td><td class=\"has-text-align-center\" data-align=\"center\"><a href=\"https:\/\/isfd803-chu.infd.edu.ar\/sitio\/wp-content\/uploads\/2022\/05\/Programa-de-Psicologia-Educacional-2022-Fisica.pdf\">2022<\/a><\/td><\/tr><tr><td>Pedagog\u00eda<\/td><td class=\"has-text-align-center\" data-align=\"center\"><\/td><\/tr><tr><td>Did\u00e1ctica General<\/td><td class=\"has-text-align-center\" data-align=\"center\"><\/td><\/tr><tr><td>Mec\u00e1nica<\/td><td class=\"has-text-align-center\" data-align=\"center\"><a href=\"https:\/\/isfd803-chu.infd.edu.ar\/sitio\/wp-content\/uploads\/2022\/05\/PROGRAMA-2022-Mecanica.pdf\">2022<\/a><\/td><\/tr><tr><td>Laboratorio de Mec\u00e1nica<\/td><td class=\"has-text-align-center\" data-align=\"center\"><\/td><\/tr><tr><td>\u00c1lgebra y Geometr\u00eda<\/td><td class=\"has-text-align-center\" data-align=\"center\"><\/td><\/tr><tr><td>An\u00e1lisis Matem\u00e1tico I<\/td><td class=\"has-text-align-center\" data-align=\"center\"><\/td><\/tr><tr><td>Modelizac. Cient\u00edfica<\/td><td class=\"has-text-align-center\" data-align=\"center\"><\/td><\/tr><tr><td>Pr\u00e1ctica Profesional Docente I<\/td><td class=\"has-text-align-center\" data-align=\"center\"><\/td><\/tr><\/tbody><\/table><\/figure>\n\n\n\n<h2 class=\"wp-block-heading\">SEGUNDO A\u00d1O<\/h2>\n\n\n\n<figure class=\"wp-block-table\"><table><tbody><tr><td>Historia y Pol\u00edtica de la Educaci\u00f3n Argentina<\/td><td class=\"has-text-align-center\" data-align=\"center\"><\/td><\/tr><tr><td>Educaci\u00f3n Sexual Integral<\/td><td class=\"has-text-align-center\" data-align=\"center\"><a href=\"https:\/\/isfd803-chu.infd.edu.ar\/sitio\/wp-content\/uploads\/2023\/09\/Programa-Profesorado-de-Fisica-Corina-Cartagena.docx\">2023<\/a><\/td><\/tr><tr><td>Educaci\u00f3n y TIC<\/td><td class=\"has-text-align-center\" data-align=\"center\"><\/td><\/tr><tr><td>Termodin\u00e1mica<\/td><td class=\"has-text-align-center\" data-align=\"center\"><\/td><\/tr><tr><td>Laboratorio de Termodin\u00e1mica<\/td><td class=\"has-text-align-center\" data-align=\"center\"><\/td><\/tr><tr><td>Did\u00e1ctica de la F\u00edsica I<\/td><td class=\"has-text-align-center\" data-align=\"center\"><\/td><\/tr><tr><td>An\u00e1lisis Matem\u00e1tico II<\/td><td class=\"has-text-align-center\" data-align=\"center\"><a href=\"https:\/\/isfd803-chu.infd.edu.ar\/sitio\/wp-content\/uploads\/2023\/12\/PROGRAMA-ANALISIS-MATEMATICO-II-Molina-Marina-Marina-Molina-1.doc\">2023<\/a> <a href=\"https:\/\/isfd803-chu.infd.edu.ar\/sitio\/wp-content\/uploads\/2024\/04\/PROGRAMA-ANALISIS-MATEMATICO-II-Molina-Marina-Marina-Molina-1.doc\">2024<\/a><\/td><\/tr><tr><td>Sujetos del Aprendizaje<\/td><td class=\"has-text-align-center\" data-align=\"center\"><a href=\"https:\/\/isfd803-chu.infd.edu.ar\/sitio\/wp-content\/uploads\/2023\/04\/sujeto-del-aprendizaje-2023-.docx\">2023<\/a><\/td><\/tr><tr><td>Pr\u00e1ctica Profesional Docente II<\/td><td class=\"has-text-align-center\" data-align=\"center\"><\/td><\/tr><\/tbody><\/table><\/figure>\n\n\n\n<h2 class=\"wp-block-heading\">TERCER A\u00d1O<\/h2>\n\n\n\n<figure class=\"wp-block-table\"><table><tbody><tr><td>Sociolog\u00eda de la Educaci\u00f3n<\/td><td><a href=\"https:\/\/isfd803-chu.infd.edu.ar\/sitio\/wp-content\/uploads\/2024\/05\/PROGRAMA-SOCIOLOGIA-DE-LA-EDUCACION-FISICA-Murphy-Jessica-Jessica-Murphy.pdf\">2024<\/a><\/td><\/tr><tr><td>Pr\u00e1ctica Profesional Docente III<\/td><td><a href=\"https:\/\/isfd803-chu.infd.edu.ar\/sitio\/wp-content\/uploads\/2024\/05\/PROGRAMA-PRACTICAS-III-FISICA-2024-LEFIMANPENA-RUIZ.docx-Brenda-Lefiman.pdf\">2024<\/a><\/td><\/tr><\/tbody><\/table><\/figure>\n\n\n\n<p><\/p>\n\n\n\n<h2 class=\"wp-block-heading\">CUARTO A\u00d1O<\/h2>\n\n\n\n<figure class=\"wp-block-table\"><table><tbody><tr><td>Filosof\u00eda de la Educaci\u00f3n<\/td><td class=\"has-text-align-center\" data-align=\"center\"><a href=\"https:\/\/isfd803-chu.infd.edu.ar\/sitio\/wp-content\/uploads\/2024\/05\/Programa-2024-803-Prof-Fisica-Jessica-Murphy.pdf\">&nbsp;2024<\/a> &#8211; <a href=\"https:\/\/isfd803-chu.infd.edu.ar\/sitio\/wp-content\/uploads\/2025\/10\/Filosofia-de-la-Educacion.-Prof._Fisica._PROGRAMA-2025._FDE-Leonel-Navarro.docx\">2025<\/a><\/td><\/tr><tr><td>UDI del CFG<\/td><td class=\"has-text-align-center\" data-align=\"center\"><a href=\"https:\/\/isfd803-chu.infd.edu.ar\/sitio\/wp-content\/uploads\/2021\/06\/UDI-programa-anual-2020-firmado-1.pdf\">2020 (Lengua de se\u00f1as)<\/a><\/td><\/tr><tr><td>F\u00edsica Moderna y Contempor\u00e1nea<\/td><td class=\"has-text-align-center\" data-align=\"center\"><a href=\"https:\/\/isfd803-chu.infd.edu.ar\/sitio\/wp-content\/uploads\/2025\/10\/PROGRAMA-FISICA-MODERNA-Martin-Del-Brio.docx\">2025&nbsp;<\/a><\/td><\/tr><tr><td>Contextos Socio hist\u00f3ricos de la F\u00edsica<\/td><td class=\"has-text-align-center\" data-align=\"center\">&nbsp;<\/td><\/tr><tr><td>Investigaci\u00f3n en la Ense\u00f1anza de la F\u00edsica<\/td><td class=\"has-text-align-center\" data-align=\"center\"><a href=\"https:\/\/isfd803-chu.infd.edu.ar\/sitio\/wp-content\/uploads\/2025\/10\/Copia-de-PROGRAMA-INV-ENSEANZA-FISICA-Martin-Del-Brio.docx\">2025&nbsp;<\/a><\/td><\/tr><tr><td>Laboratorio en Ense\u00f1anza de la F\u00edsica<\/td><td class=\"has-text-align-center\" data-align=\"center\"><a href=\"https:\/\/isfd803-chu.infd.edu.ar\/sitio\/wp-content\/uploads\/2025\/10\/PROGRAMA-LABORATORIO-Martin-Del-Brio.docx\">2025&nbsp;<\/a><\/td><\/tr><tr><td>Unidad de Definici\u00f3n Institucional del CFE<\/td><td class=\"has-text-align-center\" data-align=\"center\"><a href=\"https:\/\/isfd803-chu.infd.edu.ar\/sitio\/wp-content\/uploads\/2025\/11\/PROGRAMA_ASTROFISICA_2025-Malena.pdf\">2025 (Astrof\u00edsica)\u00a0<\/a><\/td><\/tr><tr><td>Pr\u00e1ctica Prof. Docente IV y Residencia<\/td><td class=\"has-text-align-center\" data-align=\"center\">&nbsp;<\/td><\/tr><\/tbody><\/table><\/figure>\n\n\n\n<p><\/p>\n","protected":false},"excerpt":{"rendered":"<p>DOCUMENTOS &nbsp;Dise\u00f1o Curricular Jurisdiccional&nbsp; &nbsp; &nbsp; &nbsp; &nbsp; &nbsp; &nbsp; &nbsp; &nbsp; &nbsp; &nbsp; &nbsp;&nbsp;Estructura Curricular \u2013 Plan de Estudios PROGRAMAS PRIMER A\u00d1O Lectura y Escritura Acad\u00e9mica Psicolog\u00eda Educacional 2022 Pedagog\u00eda Did\u00e1ctica General Mec\u00e1nica 2022 Laboratorio de Mec\u00e1nica \u00c1lgebra y Geometr\u00eda An\u00e1lisis Matem\u00e1tico I Modelizac. Cient\u00edfica Pr\u00e1ctica Profesional Docente I SEGUNDO A\u00d1O Historia y Pol\u00edtica &#8230; <a title=\"PROFESORADO DE EDUCACI\u00d3N SECUNDARIA EN F\u00cdSICA (Res. N\u00b0 545\/19)\" class=\"read-more\" href=\"https:\/\/isfd803-chu.infd.edu.ar\/sitio\/profesorado-de-fisica-res-305-14-cohorte-2015\/profesorado-de-educacion-secundaria-en-fisica-res-n-545-19\/\" aria-label=\"More on PROFESORADO DE EDUCACI\u00d3N SECUNDARIA EN F\u00cdSICA (Res. N\u00b0 545\/19)\">[+]<\/a><\/p>\n","protected":false},"author":1315,"featured_media":0,"parent":1359,"menu_order":0,"comment_status":"closed","ping_status":"closed","template":"","meta":[],"acf":[],"_links":{"self":[{"href":"https:\/\/isfd803-chu.infd.edu.ar\/sitio\/wp-json\/wp\/v2\/pages\/5276"}],"collection":[{"href":"https:\/\/isfd803-chu.infd.edu.ar\/sitio\/wp-json\/wp\/v2\/pages"}],"about":[{"href":"https:\/\/isfd803-chu.infd.edu.ar\/sitio\/wp-json\/wp\/v2\/types\/page"}],"author":[{"embeddable":true,"href":"https:\/\/isfd803-chu.infd.edu.ar\/sitio\/wp-json\/wp\/v2\/users\/1315"}],"replies":[{"embeddable":true,"href":"https:\/\/isfd803-chu.infd.edu.ar\/sitio\/wp-json\/wp\/v2\/comments?post=5276"}],"version-history":[{"count":16,"href":"https:\/\/isfd803-chu.infd.edu.ar\/sitio\/wp-json\/wp\/v2\/pages\/5276\/revisions"}],"predecessor-version":[{"id":11288,"href":"https:\/\/isfd803-chu.infd.edu.ar\/sitio\/wp-json\/wp\/v2\/pages\/5276\/revisions\/11288"}],"up":[{"embeddable":true,"href":"https:\/\/isfd803-chu.infd.edu.ar\/sitio\/wp-json\/wp\/v2\/pages\/1359"}],"wp:attachment":[{"href":"https:\/\/isfd803-chu.infd.edu.ar\/sitio\/wp-json\/wp\/v2\/media?parent=5276"}],"curies":[{"name":"wp","href":"https:\/\/api.w.org\/{rel}","templated":true}]}}