{"id":2474,"date":"2018-08-01T10:36:30","date_gmt":"2018-08-01T13:36:30","guid":{"rendered":"https:\/\/isfd803-chu.infd.edu.ar\/sitio\/?page_id=2474"},"modified":"2024-05-21T11:16:08","modified_gmt":"2024-05-21T14:16:08","slug":"profesorado-de-educacion-especial-res-315-14-cohorte-2015-2017","status":"publish","type":"page","link":"https:\/\/isfd803-chu.infd.edu.ar\/sitio\/profesorado-de-educacion-especial-res-315-14-cohorte-2015-2017\/","title":{"rendered":"Profesorado de Educaci\u00f3n Especial (Res 315\/14)"},"content":{"rendered":"<h1><\/h1>\n<h1><span style=\"color: #ff6600;\">DOCUMENTOS<\/span><\/h1>\n<h1><span style=\"font-size: 12pt;\"><img decoding=\"async\" loading=\"lazy\" title=\"\" src=\"https:\/\/isfd803-chu.infd.edu.ar\/sitio\/wp-content\/uploads\/2018\/07\/pdf_icono.jpg\" alt=\"\" width=\"53\" height=\"53\" border=\"0\" \/><a href=\"https:\/\/isfd803-chu.infd.edu.ar\/sitio\/wp-content\/uploads\/sitio\/Profesorado_de_Educacion_Especial_Or._Disc.Int..pdf\">Dise\u00f1o Curricular Jurisdiccional\u00a0<\/a><\/span><span style=\"font-size: 12pt;\"><img decoding=\"async\" loading=\"lazy\" title=\"\" src=\"https:\/\/isfd803-chu.infd.edu.ar\/sitio\/wp-content\/uploads\/2018\/07\/pdf_icono.jpg\" alt=\"\" width=\"53\" height=\"53\" border=\"0\" \/><a href=\"https:\/\/isfd803-chu.infd.edu.ar\/sitio\/wp-content\/uploads\/2018\/08\/Res._315-14_Educaci\u00f3n_Especial.pdf\">Res. 315\/14 Especial<\/a><\/span><\/h1>\n<p><a title=\"Mapa Especial 315\" href=\"upload\/Mapa_Especial_315.pdf\" target=\"_blank\" rel=\"noopener\"><img decoding=\"async\" loading=\"lazy\" title=\"\" src=\"https:\/\/isfd803-chu.infd.edu.ar\/sitio\/wp-content\/uploads\/2018\/07\/pdf_icono.jpg\" alt=\"\" width=\"53\" height=\"53\" border=\"0\" \/><\/a><a href=\"https:\/\/isfd803-chu.infd.edu.ar\/sitio\/wp-content\/uploads\/sitio\/Mapa_Especial_315.pdf\">Estructura Curricular &#8211; Plan de Estudios\u00a0<\/a><a title=\"Mapa Especial 315\" href=\"upload\/Mapa_Especial_315.pdf\" target=\"_blank\" rel=\"noopener\"><img decoding=\"async\" loading=\"lazy\" title=\"\" src=\"https:\/\/isfd803-chu.infd.edu.ar\/sitio\/wp-content\/uploads\/2018\/07\/pdf_icono.jpg\" alt=\"\" width=\"53\" height=\"53\" border=\"0\" \/><\/a>\u00a0<a href=\"https:\/\/isfd803-chu.infd.edu.ar\/sitio\/wp-content\/uploads\/sitio\/Equivalencias_DC_Especial_Intelectuales_1.doc\">Equivalencias<\/a><\/p>\n<h1><span style=\"color: #ff6600;\">PROGRAMAS COHORTE 2015-2016-2017<\/span><\/h1>\n<table style=\"height: 2118px;\" width=\"1020\">\n<tbody>\n<tr>\n<td colspan=\"3\" width=\"599\"><strong>PRIMER\u00a0 A\u00d1O<\/strong><\/td>\n<\/tr>\n<tr>\n<td width=\"200\">Lectura y Escritura Acad\u00e9mica<\/td>\n<td width=\"200\">Anual<\/td>\n<td width=\"200\"><\/td>\n<\/tr>\n<tr>\n<td width=\"200\">Pedagog\u00eda<\/td>\n<td width=\"200\"><\/td>\n<td width=\"200\"><\/td>\n<\/tr>\n<tr>\n<td width=\"200\">Did\u00e1ctica General<\/td>\n<td width=\"200\"><a href=\"https:\/\/isfd803-chu.infd.edu.ar\/sitio\/wp-content\/uploads\/2018\/11\/Didactica_Especial2016.pdf\">2016<\/a><\/td>\n<td width=\"200\">Farr\u00e9 Ileana<\/td>\n<\/tr>\n<tr>\n<td width=\"200\">Filosof\u00eda<\/td>\n<td width=\"200\"><\/td>\n<td width=\"200\"><\/td>\n<\/tr>\n<tr>\n<td width=\"200\">DDH y Educaci\u00f3n<\/td>\n<td width=\"200\"><\/td>\n<td width=\"200\"><\/td>\n<\/tr>\n<tr>\n<td width=\"200\">Sociolog\u00eda<\/td>\n<td width=\"200\"><\/td>\n<td width=\"200\"><\/td>\n<\/tr>\n<tr>\n<td width=\"200\">Educaci\u00f3n Art\u00edstica<\/td>\n<td width=\"200\"><\/td>\n<td width=\"200\"><\/td>\n<\/tr>\n<tr>\n<td width=\"200\">Problem\u00e1ticas Contempor\u00e1neas de la Educaci\u00f3n Especial<\/td>\n<td width=\"200\"><a href=\"https:\/\/isfd803-chu.infd.edu.ar\/sitio\/wp-content\/uploads\/2019\/03\/PROGRAMA-PROBLEMATICAS-2019.doc\">2019<\/a><\/td>\n<td width=\"200\"><span lang=\"ES-TRAD\" style=\"font-size: 12.0pt;\">Prof. Leticia Legaz &#8211;\u00a0Lic. y Prof. \u00a0Pablo Reiss<\/span><\/td>\n<\/tr>\n<tr>\n<td width=\"200\">Sujetos de la Educaci\u00f3n Especial I<\/td>\n<td width=\"200\"><a href=\"https:\/\/isfd803-chu.infd.edu.ar\/sitio\/wp-content\/uploads\/2019\/03\/PROGRAMA-ESPECIAL-I-2017.doc\">2017<\/a><\/td>\n<td width=\"200\">\n<p class=\"Contenidodelatabla\" style=\"text-align: left;\" align=\"center\"><span lang=\"ES-TRAD\" style=\"font-size: 12.0pt;\">Prof. Leticia Legaz &#8211;\u00a0Lic. y Prof. \u00a0Pablo Reiss<\/span><\/p>\n<\/td>\n<\/tr>\n<tr>\n<td width=\"200\">Pr\u00e1ctica Profesional Docente I<\/td>\n<td width=\"200\"><a href=\"https:\/\/isfd803-chu.infd.edu.ar\/sitio\/wp-content\/uploads\/2019\/03\/PROGRAMA-PRACTICA-2019.doc\">2019<\/a><\/td>\n<td width=\"200\"><span lang=\"ES-TRAD\" style=\"font-size: 12.0pt;\">Prof. Leticia Legaz &#8211;\u00a0Lic. y Prof. \u00a0Pablo Reiss<\/span><\/td>\n<\/tr>\n<tr>\n<td width=\"200\"><\/td>\n<td width=\"200\"><\/td>\n<td width=\"200\"><\/td>\n<\/tr>\n<tr>\n<td colspan=\"3\" width=\"599\"><strong>SEGUNDO\u00a0 A\u00d1O<\/strong><\/td>\n<\/tr>\n<tr>\n<td width=\"200\">Historia Social y Pol\u00edtica de la Educaci\u00f3n Argentina<\/td>\n<td width=\"200\"><\/td>\n<td width=\"200\">Luna Mar\u00eda del Rosario<\/td>\n<\/tr>\n<tr>\n<td width=\"200\">Psicolog\u00eda Educacional<\/td>\n<td width=\"200\">\u00a0<a href=\"https:\/\/isfd803-chu.infd.edu.ar\/sitio\/wp-content\/uploads\/2018\/11\/Psicologia-Educac_Especial2018.pdf\">2018<\/a><\/td>\n<td width=\"200\">Quiroga Gerado<\/td>\n<\/tr>\n<tr>\n<td width=\"200\">Matem\u00e1tica y su Did\u00e1ctica I<\/td>\n<td width=\"200\"><\/td>\n<td width=\"200\">Reigner Mar\u00eda Luisa &#8211; Adam Marta<\/td>\n<\/tr>\n<tr>\n<td width=\"200\">Ciencias Sociales y su Did\u00e1ctica I<\/td>\n<td width=\"200\"><a href=\"https:\/\/isfd803-chu.infd.edu.ar\/sitio\/wp-content\/uploads\/2018\/12\/Ciencias-sociales-y-su-didactica-I_Especial2018.pdf\">2018<\/a><\/td>\n<td width=\"200\">Colliu Nancy &#8211; Vazquez Viviana<\/td>\n<\/tr>\n<tr>\n<td width=\"200\">Lengua y Literatura\u00a0 y su Did\u00e1ctica I<\/td>\n<td width=\"200\"><\/td>\n<td width=\"200\"><\/td>\n<\/tr>\n<tr>\n<td width=\"200\">Ciencias Naturales y su Did\u00e1ctica I<\/td>\n<td width=\"200\"><\/td>\n<td width=\"200\">Cartoccio Mar\u00eda Teresa &#8211; Manochio Ana L\u00eda<\/td>\n<\/tr>\n<tr>\n<td width=\"200\">Educaci\u00f3n Art\u00edstica y su Did\u00e1ctica<\/td>\n<td width=\"200\"><a href=\"https:\/\/isfd803-chu.infd.edu.ar\/sitio\/wp-content\/uploads\/2018\/11\/Educacion-Artistica_Especial315.pdf\">2018<\/a><\/td>\n<td width=\"200\">Alonso Laura &#8211; Barbosa Paola -Bersace Leandro<\/td>\n<\/tr>\n<tr>\n<td width=\"200\">Educaci\u00f3n Tecnol\u00f3gica y su Did\u00e1ctica<\/td>\n<td width=\"200\"><a href=\"https:\/\/isfd803-chu.infd.edu.ar\/sitio\/wp-content\/uploads\/2018\/11\/Edu-Tecnologica-y-su-didactica_Especial2018.pdf\">2018<\/a><\/td>\n<td width=\"200\">Bernat Patricia &#8211; Manochio Ana Lia<\/td>\n<\/tr>\n<tr>\n<td width=\"200\">Sujetos de la Educaci\u00f3n Especial II<\/td>\n<td width=\"200\"><\/td>\n<td width=\"200\">Slucinse Paula &#8211; Jofr\u00e9 Mar\u00eda Mabel<\/td>\n<\/tr>\n<tr>\n<td width=\"200\">Problem\u00e1ticas del Desarrollo<\/td>\n<td width=\"200\"><\/td>\n<td width=\"200\"><\/td>\n<\/tr>\n<tr>\n<td width=\"200\">Pr\u00e1ctica Prof. Docente II<\/td>\n<td width=\"200\"><\/td>\n<td width=\"200\">Gabella Xenia &#8211;\u00a0Legaz Leticia<\/td>\n<\/tr>\n<tr>\n<td width=\"200\"><\/td>\n<td width=\"200\"><\/td>\n<td width=\"200\"><\/td>\n<\/tr>\n<tr>\n<td width=\"200\"><\/td>\n<td width=\"200\"><\/td>\n<td width=\"200\"><\/td>\n<\/tr>\n<tr>\n<td width=\"200\"><\/td>\n<td width=\"200\"><\/td>\n<td width=\"200\"><\/td>\n<\/tr>\n<tr>\n<td colspan=\"3\" width=\"599\"><strong>TERCER\u00a0 A\u00d1O<\/strong><\/td>\n<\/tr>\n<tr>\n<td width=\"200\">TIC<\/td>\n<td width=\"200\"><\/td>\n<td width=\"200\"><\/td>\n<\/tr>\n<tr>\n<td width=\"200\">Alfabetizaci\u00f3n Inicial I<\/td>\n<td width=\"200\"><a href=\"https:\/\/isfd803-chu.infd.edu.ar\/sitio\/wp-content\/uploads\/2018\/11\/Alfabetizaci\u00f2n-I_Especial2018.pdf\">2018<\/a><\/td>\n<td width=\"200\">Arroyo Liliana (2018)<\/td>\n<\/tr>\n<tr>\n<td width=\"200\">Lengua y Literatura\u00a0 y su Did\u00e1ctica II<\/td>\n<td width=\"200\"><a href=\"https:\/\/isfd803-chu.infd.edu.ar\/sitio\/wp-content\/uploads\/2018\/11\/Lengua-y-Literatura-y-Su-Did\u00e1ctica-II_Especial2018.pdf\">2018<\/a><\/td>\n<td width=\"200\">Sulcinse Paula &#8211; Arroyo Liliana (2018)<\/td>\n<\/tr>\n<tr>\n<td width=\"200\">Matem\u00e1tica y su Did\u00e1ctica II<\/td>\n<td width=\"200\"><\/td>\n<td width=\"200\">Reigner Mar\u00eda Luisa &#8211; Adam Marta<\/td>\n<\/tr>\n<tr>\n<td width=\"200\">Ciencias Sociales y su Did\u00e1ctica II<\/td>\n<td width=\"200\"><a href=\"https:\/\/isfd803-chu.infd.edu.ar\/sitio\/wp-content\/uploads\/2019\/04\/Ciencias-Sociales-y-su-didactica.docx\">2019<\/a><\/td>\n<td width=\"200\">Lidia Paillalef<\/td>\n<\/tr>\n<tr>\n<td width=\"200\">Ciencias Naturales y su Did\u00e1ctica II<\/td>\n<td width=\"200\"><\/td>\n<td width=\"200\">Cartoccio Mar\u00eda Teresa &#8211; Manochio Ana L\u00eda<\/td>\n<\/tr>\n<tr>\n<td width=\"200\">Educaci\u00f3n Temprana<\/td>\n<td width=\"200\"><a href=\"https:\/\/isfd803-chu.infd.edu.ar\/sitio\/wp-content\/uploads\/2019\/03\/proyecto-estimulaci\u00f3n-temprana.docx\">2019<\/a><\/td>\n<td width=\"200\">Mabel Jofre<\/td>\n<\/tr>\n<tr>\n<td width=\"200\">Educaci\u00f3n Psicomotriz y Desarrollo de la Corporalidad<\/td>\n<td width=\"200\"><\/td>\n<td width=\"200\"><\/td>\n<\/tr>\n<tr>\n<td width=\"200\">Pr\u00e1ctica Prof. Docente III<\/td>\n<td width=\"200\"><\/td>\n<td width=\"200\">Colasso Stella Maris &#8211; Manochio Ana L\u00eda<\/td>\n<\/tr>\n<tr>\n<td width=\"200\"><\/td>\n<td width=\"200\"><\/td>\n<td width=\"200\"><\/td>\n<\/tr>\n<tr>\n<td width=\"200\"><\/td>\n<td width=\"200\"><\/td>\n<td width=\"200\"><\/td>\n<\/tr>\n<tr>\n<td colspan=\"3\" width=\"599\"><strong>CUARTO A\u00d1O<\/strong><\/td>\n<\/tr>\n<tr>\n<td width=\"200\">Unidad de Definici\u00f3n Institucional CFG I<\/td>\n<td width=\"200\"><a href=\"https:\/\/isfd803-chu.infd.edu.ar\/sitio\/wp-content\/uploads\/2019\/04\/programa-udi-2019-1.docx\">2019<\/a><\/td>\n<td width=\"200\"><\/td>\n<\/tr>\n<tr>\n<td width=\"200\">Unidad de Definici\u00f3n Institucional CFG II<\/td>\n<td width=\"200\"><\/td>\n<td width=\"200\"><\/td>\n<\/tr>\n<tr>\n<td width=\"200\">Trayectorias Educativas Integrales<\/td>\n<td width=\"200\"><a href=\"https:\/\/isfd803-chu.infd.edu.ar\/sitio\/wp-content\/uploads\/2019\/03\/Programa-TEI-2018.doc\">2018,<\/a> <a href=\"https:\/\/isfd803-chu.infd.edu.ar\/sitio\/wp-content\/uploads\/2019\/03\/Programa-TEI-2019.doc\">2019<\/a><\/td>\n<td width=\"200\"><\/td>\n<\/tr>\n<tr>\n<td width=\"200\">Investigaci\u00f3n Educativa en Educaci\u00f3n Especial<\/td>\n<td width=\"200\"><a href=\"https:\/\/isfd803-chu.infd.edu.ar\/sitio\/wp-content\/uploads\/2019\/04\/Investigacion-Educativa-2.docx\">2019<\/a><\/td>\n<td width=\"200\"><\/td>\n<\/tr>\n<tr>\n<td width=\"200\">Educaci\u00f3n de J\u00f3venes y Adultos y Form. Integral<\/td>\n<td width=\"200\"><a href=\"https:\/\/isfd803-chu.infd.edu.ar\/sitio\/wp-content\/uploads\/2019\/03\/Programa-2019EDJA-Especial-.doc.docx\">2019<\/a><\/td>\n<td width=\"200\"><\/td>\n<\/tr>\n<tr>\n<td width=\"200\">Equipos Interdisc. En Educaci\u00f3n Especial<\/td>\n<td width=\"200\"><\/td>\n<td width=\"200\"><\/td>\n<\/tr>\n<tr>\n<td width=\"200\">Alfabetizaci\u00f3n Inicial II<\/td>\n<td width=\"200\"><\/td>\n<td width=\"200\"><\/td>\n<\/tr>\n<tr>\n<td width=\"200\"><\/td>\n<td width=\"200\"><\/td>\n<td width=\"200\"><\/td>\n<\/tr>\n<tr>\n<td width=\"200\">Pr\u00e1ctica Prof. Docente IV y Residencia<\/td>\n<td width=\"200\"><a href=\"https:\/\/isfd803-chu.infd.edu.ar\/sitio\/wp-content\/uploads\/2024\/05\/PROGRAMA-2024-.-final.docx-Ana-Burton.pdf\">2024\u00a0<\/a><\/td>\n<\/tr>\n<\/tbody>\n<\/table>\n","protected":false},"excerpt":{"rendered":"<p>DOCUMENTOS Dise\u00f1o Curricular Jurisdiccional\u00a0Res. 315\/14 Especial Estructura Curricular &#8211; Plan de Estudios\u00a0\u00a0Equivalencias PROGRAMAS COHORTE 2015-2016-2017 PRIMER\u00a0 A\u00d1O Lectura y Escritura Acad\u00e9mica Anual Pedagog\u00eda Did\u00e1ctica General 2016 Farr\u00e9 Ileana Filosof\u00eda DDH y Educaci\u00f3n Sociolog\u00eda Educaci\u00f3n Art\u00edstica Problem\u00e1ticas Contempor\u00e1neas de la Educaci\u00f3n Especial 2019 Prof. Leticia Legaz &#8211;\u00a0Lic. y Prof. \u00a0Pablo Reiss Sujetos de la Educaci\u00f3n Especial &#8230; <a title=\"Profesorado de Educaci\u00f3n Especial (Res 315\/14)\" class=\"read-more\" href=\"https:\/\/isfd803-chu.infd.edu.ar\/sitio\/profesorado-de-educacion-especial-res-315-14-cohorte-2015-2017\/\" aria-label=\"More on Profesorado de Educaci\u00f3n Especial (Res 315\/14)\">[+]<\/a><\/p>\n","protected":false},"author":1315,"featured_media":0,"parent":0,"menu_order":0,"comment_status":"closed","ping_status":"closed","template":"","meta":[],"acf":[],"_links":{"self":[{"href":"https:\/\/isfd803-chu.infd.edu.ar\/sitio\/wp-json\/wp\/v2\/pages\/2474"}],"collection":[{"href":"https:\/\/isfd803-chu.infd.edu.ar\/sitio\/wp-json\/wp\/v2\/pages"}],"about":[{"href":"https:\/\/isfd803-chu.infd.edu.ar\/sitio\/wp-json\/wp\/v2\/types\/page"}],"author":[{"embeddable":true,"href":"https:\/\/isfd803-chu.infd.edu.ar\/sitio\/wp-json\/wp\/v2\/users\/1315"}],"replies":[{"embeddable":true,"href":"https:\/\/isfd803-chu.infd.edu.ar\/sitio\/wp-json\/wp\/v2\/comments?post=2474"}],"version-history":[{"count":31,"href":"https:\/\/isfd803-chu.infd.edu.ar\/sitio\/wp-json\/wp\/v2\/pages\/2474\/revisions"}],"predecessor-version":[{"id":9340,"href":"https:\/\/isfd803-chu.infd.edu.ar\/sitio\/wp-json\/wp\/v2\/pages\/2474\/revisions\/9340"}],"wp:attachment":[{"href":"https:\/\/isfd803-chu.infd.edu.ar\/sitio\/wp-json\/wp\/v2\/media?parent=2474"}],"curies":[{"name":"wp","href":"https:\/\/api.w.org\/{rel}","templated":true}]}}