{"id":1355,"date":"2018-07-02T19:09:46","date_gmt":"2018-07-02T22:09:46","guid":{"rendered":"https:\/\/isfd803-chu.infd.edu.ar\/sitio\/profesorado-de-lengua-y-literatura-res-302-14-cohorte-2015\/"},"modified":"2022-11-11T20:45:47","modified_gmt":"2022-11-11T23:45:47","slug":"profesorado-de-lengua-y-literatura-res-302-14-cohorte-2015","status":"publish","type":"page","link":"https:\/\/isfd803-chu.infd.edu.ar\/sitio\/profesorado-de-lengua-y-literatura-res-302-14-cohorte-2015\/","title":{"rendered":"Profesorado de Lengua y Literatura (Res 302\/14)"},"content":{"rendered":"<h1><span style=\"color: #ff6600;\">DOCUMENTOS<\/span><\/h1>\n<p><span style=\"font-size: 12pt;\"><a title=\"DC Lengua 302\" href=\"upload\/Profesorado_de_Lengua_y_Literatura.pdf\" target=\"_blank\" rel=\"noopener\"><img decoding=\"async\" loading=\"lazy\" title=\"\" src=\"https:\/\/isfd803-chu.infd.edu.ar\/sitio\/wp-content\/uploads\/2018\/07\/pdf_icono.jpg\" alt=\"\" width=\"53\" height=\"53\" border=\"0\" \/>Dise\u00f1o Curricular Jurisdiccional\u00a0<\/a><\/span><span style=\"font-size: 12pt;\"><a title=\"res 302 lengua\" href=\"upload\/Res._302-14_Lengua_y_Literatura.pdf\" target=\"_blank\" rel=\"noopener\"><img decoding=\"async\" loading=\"lazy\" title=\"\" src=\"https:\/\/isfd803-chu.infd.edu.ar\/sitio\/wp-content\/uploads\/2018\/07\/pdf_icono.jpg\" alt=\"\" width=\"53\" height=\"53\" border=\"0\" \/>Res. 302\/14\u00a0Lengua\u00a0<\/a><\/span>\u00a0<a title=\"Mapa Lengua 302\" href=\"upload\/Mapa_Lengua.pdf\" target=\"_blank\" rel=\"noopener\"><img decoding=\"async\" loading=\"lazy\" title=\"\" src=\"https:\/\/isfd803-chu.infd.edu.ar\/sitio\/wp-content\/uploads\/2018\/07\/pdf_icono.jpg\" alt=\"\" width=\"53\" height=\"53\" border=\"0\" \/><span style=\"font-size: 12pt;\">Estructura Curricular &#8211; Plan de Estudios<\/span><\/a><\/p>\n<p><a title=\"Lengua\" href=\"upload\/Equivalencias_DC_Lengua_y_Literatura_1.pdf\" target=\"_blank\" rel=\"noopener\"><img decoding=\"async\" loading=\"lazy\" title=\"\" src=\"https:\/\/isfd803-chu.infd.edu.ar\/sitio\/wp-content\/uploads\/2018\/07\/pdf_icono.jpg\" alt=\"\" width=\"60\" height=\"60\" border=\"0\" \/>EQUIVALENCIAS<\/a><\/p>\n<h1><span style=\"color: #ff6600;\">PROGRAMAS\u00a0<\/span><\/h1>\n<table>\n<tbody>\n<tr>\n<td colspan=\"3\" width=\"599\"><strong>PRIMER\u00a0 A\u00d1O<\/strong><\/td>\n<\/tr>\n<tr>\n<td width=\"200\">Lectura y Escritura Acad\u00e9mica<\/td>\n<td width=\"200\"><a href=\"https:\/\/isfd803-chu.infd.edu.ar\/sitio\/wp-content\/uploads\/2018\/11\/Lectura-y-Escritura-Acad\u00e9mica_2015.pdf\">2018<\/a><\/td>\n<td width=\"200\">Lic. Cacciavilliani Diego<\/td>\n<\/tr>\n<tr>\n<td width=\"200\">Psicolog\u00eda Educacional<\/td>\n<td width=\"200\"><a href=\"https:\/\/isfd803-chu.infd.edu.ar\/sitio\/wp-content\/uploads\/2019\/03\/Programa-de-Psicolog\u00eda-Educacional-2018-Profesorado-de-Lengua.pdf\">2018<\/a>, <a href=\"https:\/\/isfd803-chu.infd.edu.ar\/sitio\/wp-content\/uploads\/2019\/03\/Programa-de-Psicolog\u00eda-Educacional-2019-Lengua-y-Literatura.pdf\">2019<\/a><\/td>\n<td width=\"200\">Prof. Garc\u00eda Manino Roberto<\/td>\n<\/tr>\n<tr>\n<td width=\"200\">Pedagog\u00eda<\/td>\n<td width=\"200\"><a href=\"https:\/\/isfd803-chu.infd.edu.ar\/sitio\/wp-content\/uploads\/2019\/03\/Programa-Pedagog\u00eda-A.docx\">2018<\/a><\/td>\n<td width=\"200\">Prof. Casta\u00f1eira Gabriela<\/td>\n<\/tr>\n<tr>\n<td width=\"200\">Did\u00e1ctica General<\/td>\n<td width=\"200\"><a href=\"https:\/\/isfd803-chu.infd.edu.ar\/sitio\/wp-content\/uploads\/2020\/08\/DIDACTCA-GENERAL-2020..docx\">2020<\/a><\/td>\n<td width=\"200\">Prof. Mariela Calcagni<\/td>\n<\/tr>\n<tr>\n<td width=\"200\">Lingu\u00edstica<\/td>\n<td width=\"200\"><a href=\"https:\/\/isfd803-chu.infd.edu.ar\/sitio\/wp-content\/uploads\/2018\/11\/Linguistica-I_Lengua2015.pdf\">2015<\/a>, <a href=\"https:\/\/isfd803-chu.infd.edu.ar\/sitio\/wp-content\/uploads\/2019\/03\/Ling\u00fc\u00edstica.doc\">2019<\/a><\/td>\n<td width=\"200\">Lic. Cacciavillani Diego<\/td>\n<\/tr>\n<tr>\n<td width=\"200\">Sistemas de la Lengua Espa\u00f1ola I<\/td>\n<td width=\"200\"><a href=\"https:\/\/isfd803-chu.infd.edu.ar\/sitio\/wp-content\/uploads\/2018\/11\/Programa-Sist-de-la-Lengua-I.-Fern\u00e1dnez-C\u00f3rdoba.-ISFD803.doc\">2018<\/a><\/td>\n<td width=\"200\">Fernandez C\u00f3rdoba Patricia<\/td>\n<\/tr>\n<tr>\n<td width=\"200\">Literaturas Cl\u00e1sicas<\/td>\n<td width=\"200\"><a href=\"https:\/\/isfd803-chu.infd.edu.ar\/sitio\/wp-content\/uploads\/2019\/03\/programa-did\u00e1ctica-2do-ciclo-2019.docx\">2019<\/a><\/td>\n<td width=\"200\">Lic. Maciorowski Mar\u00eda Fernanda<\/td>\n<\/tr>\n<tr>\n<td width=\"200\">Historia de la Lengua<\/td>\n<td width=\"200\">\u00a0<\/td>\n<td width=\"200\">\u00a0<\/td>\n<\/tr>\n<tr>\n<td width=\"200\">Introducci\u00f3n a los Estudios Literarios<\/td>\n<td width=\"200\"><a href=\"https:\/\/isfd803-chu.infd.edu.ar\/sitio\/wp-content\/uploads\/2018\/11\/Introducci\u00f3n-a-los-estudios-literarios_Lengua2015.pdf\">2015<\/a>, <a href=\"https:\/\/isfd803-chu.infd.edu.ar\/sitio\/wp-content\/uploads\/2019\/03\/Introducci\u00f3n-a-los-estudios-literarios.doc\">2019<\/a><\/td>\n<td width=\"200\">Lic. Cacciavillani Diego<\/td>\n<\/tr>\n<tr>\n<td width=\"200\">Pr\u00e1ctica Profesional Docente I<\/td>\n<td width=\"200\">\u00a0<\/td>\n<td width=\"200\">Prof. Perez Cecilia &#8211; Prof. Casta\u00f1eira Gabriela Sof\u00eda<\/td>\n<\/tr>\n<tr>\n<td width=\"200\">\u00a0<\/td>\n<td width=\"200\">\u00a0<\/td>\n<td width=\"200\">\u00a0<\/td>\n<\/tr>\n<tr>\n<td colspan=\"3\" width=\"599\"><strong>SEGUNDO\u00a0 A\u00d1O<\/strong><\/td>\n<\/tr>\n<tr>\n<td width=\"200\">Historia y Pol\u00edtica de la Educaci\u00f3n Argentina<\/td>\n<td width=\"200\">\u00a0<\/td>\n<td width=\"200\">Prof. Ag\u00fcero Anal\u00eda<\/td>\n<\/tr>\n<tr>\n<td width=\"200\">Educaci\u00f3n y TIC<\/td>\n<td width=\"200\">\u00a0<\/td>\n<td width=\"200\">\u00a0<\/td>\n<\/tr>\n<tr>\n<td width=\"200\">Educaci\u00f3n Sexual Integral<\/td>\n<td width=\"200\">\u00a0<\/td>\n<td width=\"200\">\u00a0<\/td>\n<\/tr>\n<tr>\n<td width=\"200\">Pragm\u00e1tica<\/td>\n<td width=\"200\"><a href=\"https:\/\/isfd803-chu.infd.edu.ar\/sitio\/wp-content\/uploads\/2021\/03\/Programa-Pragm\u00e1tica-2020.pdf\">2020<\/a><\/td>\n<td width=\"200\">Prof. Francisco Casal<\/td>\n<\/tr>\n<tr>\n<td width=\"200\">Sistema de la Lengua Espa\u00f1ola II<\/td>\n<td width=\"200\">\u00a0<\/td>\n<td width=\"200\">\u00a0<\/td>\n<\/tr>\n<tr>\n<td width=\"200\">Literatura Espa\u00f1ola<\/td>\n<td width=\"200\">\u00a0<\/td>\n<td width=\"200\">\u00a0<\/td>\n<\/tr>\n<tr>\n<td width=\"200\">Literatura Argentina I<\/td>\n<td width=\"200\">\u00a0<\/td>\n<td width=\"200\">\u00a0<\/td>\n<\/tr>\n<tr>\n<td width=\"200\">Did\u00e1ctica de la Lengua y Literatura I<\/td>\n<td width=\"200\">\u00a0<\/td>\n<td width=\"200\">Prof. Arroyo Liliana \u2013 Prof. Villahoz Jimena<\/td>\n<\/tr>\n<tr>\n<td width=\"200\">Sujetos del Aprendizaje<\/td>\n<td width=\"200\"><a href=\"https:\/\/isfd803-chu.infd.edu.ar\/sitio\/wp-content\/uploads\/2019\/05\/Proyecto-Sujeto-Zunino-DiNardo-Programa.docx\">2019<\/a><\/td>\n<td width=\"200\">Lic. Florencia Zunino, Prof. Rosana Di Nardo<\/td>\n<\/tr>\n<tr>\n<td width=\"200\">Pr\u00e1ctica Profesional Docente II<\/td>\n<td width=\"200\">\u00a0<\/td>\n<td width=\"200\">Prof. Bartolo Nora \u2013 Prof. Gonz\u00e1lez Nelly<\/td>\n<\/tr>\n<tr>\n<td width=\"200\">\u00a0<\/td>\n<td width=\"200\">\u00a0<\/td>\n<td width=\"200\">\u00a0<\/td>\n<\/tr>\n<tr>\n<td colspan=\"3\" width=\"599\"><strong>TERCER\u00a0 A\u00d1O<\/strong><\/td>\n<\/tr>\n<tr>\n<td width=\"200\">Investigaci\u00f3n Educativa<\/td>\n<td width=\"200\"><a href=\"https:\/\/isfd803-chu.infd.edu.ar\/sitio\/wp-content\/uploads\/2021\/06\/PROGRAMA-IE-2021-LyL-.pdf\">2021<\/a><\/td>\n<td width=\"200\">Mg. Weinstock Ana Mariel &#8211; Prof. Slomka Gustavo<\/td>\n<\/tr>\n<tr>\n<td width=\"200\">Sociolog\u00eda de la Educaci\u00f3n<\/td>\n<td width=\"200\">\u00a0<\/td>\n<td width=\"200\">Gaete Patricia<\/td>\n<\/tr>\n<tr>\n<td width=\"200\">Socioling\u00fc\u00edstica<\/td>\n<td width=\"200\">\u00a0<\/td>\n<td width=\"200\">\u00a0<\/td>\n<\/tr>\n<tr>\n<td width=\"200\">Literaturas Latinoamericanas I<\/td>\n<td width=\"200\">\u00a0<\/td>\n<td width=\"200\">\u00a0<\/td>\n<\/tr>\n<tr>\n<td width=\"200\">Literaturas Europeas<\/td>\n<td width=\"200\">\u00a0<\/td>\n<td width=\"200\">\u00a0<\/td>\n<\/tr>\n<tr>\n<td width=\"200\">Literatura Argentina II<\/td>\n<td width=\"200\">\u00a0<\/td>\n<td width=\"200\">\u00a0<\/td>\n<\/tr>\n<tr>\n<td width=\"200\">Did\u00e1ctica de la Lengua y Literatura II<\/td>\n<td width=\"200\">\u00a0<\/td>\n<td width=\"200\">\u00a0<\/td>\n<\/tr>\n<tr>\n<td width=\"200\">Pr\u00e1ctica Profesional Docente III<\/td>\n<td width=\"200\">\u00a0<\/td>\n<td width=\"200\">\u00a0<\/td>\n<\/tr>\n<tr>\n<td width=\"200\">\u00a0<\/td>\n<td width=\"200\">\u00a0<\/td>\n<td width=\"200\">\u00a0<\/td>\n<\/tr>\n<tr>\n<td colspan=\"3\" width=\"599\"><strong>CUARTO A\u00d1O<\/strong><\/td>\n<\/tr>\n<tr>\n<td width=\"200\">Filosof\u00eda de la Educaci\u00f3n<\/td>\n<td width=\"200\"><a href=\"https:\/\/isfd803-chu.infd.edu.ar\/sitio\/wp-content\/uploads\/2018\/11\/Filosofia-de-la-Educ_Lengua2018.pdf\">2018<\/a> <a href=\"https:\/\/isfd803-chu.infd.edu.ar\/sitio\/wp-content\/uploads\/2022\/11\/Filosofia-de-la-Educacion-PROGRAMA-2022-PROFESORADO-DE-LENGUA-Y-LITERATURA-RES.-302-14-Prof.-Navarro-Leonel.pdf\">2022<\/a><\/td>\n<td width=\"200\">Lic. Quiroga Gerardo &#8211; Leonel Navarro<\/td>\n<\/tr>\n<tr>\n<td width=\"200\">Unidad de Definici\u00f3n Institucional del CFG<\/td>\n<td width=\"200\">\u00a0<\/td>\n<td width=\"200\">\u00a0<\/td>\n<\/tr>\n<tr>\n<td width=\"200\">Psicoling\u00fc\u00edstica<\/td>\n<td width=\"200\"><a href=\"https:\/\/isfd803-chu.infd.edu.ar\/sitio\/wp-content\/uploads\/2019\/04\/Programa-Psicoling\u00fc\u00edstica-Prof-L-y-L.-Mosconi-Arroyo-2018-enviado.docx\">2018<\/a><\/td>\n<td width=\"200\">Liliana Arroyo &#8211; Anahi Mosconi<\/td>\n<\/tr>\n<tr>\n<td width=\"200\">Literaturas Latinoamericanas II<\/td>\n<td width=\"200\"><a href=\"https:\/\/isfd803-chu.infd.edu.ar\/sitio\/wp-content\/uploads\/2019\/03\/Latinoamericana-II.doc\">2019<\/a>\u00a0 <a href=\"https:\/\/isfd803-chu.infd.edu.ar\/sitio\/wp-content\/uploads\/2022\/11\/CONTRERA-Belen-Programa-Lit-latinoamericanas-2022-Res-302-14.pdf\">2022<\/a><\/td>\n<td width=\"200\">Lic. Diego Cacciavilliani &#8211; Bel\u00e9n Contrera<\/td>\n<\/tr>\n<tr>\n<td width=\"200\">Teor\u00eda y Cr\u00edtica Literaria<\/td>\n<td width=\"200\">\u00a0<\/td>\n<td width=\"200\">\u00a0<\/td>\n<\/tr>\n<tr>\n<td width=\"200\">Literatura Juvenil<\/td>\n<td width=\"200\"><a href=\"https:\/\/isfd803-chu.infd.edu.ar\/sitio\/wp-content\/uploads\/2022\/05\/Literatura-juvenil-Prof.-Lengua-y-literatura-2022.doc\">2022<\/a><\/td>\n<td width=\"200\">Lic. Diego Cacciavilliani<\/td>\n<\/tr>\n<tr>\n<td width=\"200\">An\u00e1lisis del Discurso<\/td>\n<td width=\"200\"><a href=\"https:\/\/isfd803-chu.infd.edu.ar\/sitio\/wp-content\/uploads\/2019\/03\/An\u00e1lisis-del-discurso.doc\">2019<\/a><\/td>\n<td width=\"200\">Lic. Diego Cacciavilliani<\/td>\n<\/tr>\n<tr>\n<td width=\"200\">Pr\u00e1ctica Profesional Docente IV<\/td>\n<td width=\"200\"><a href=\"https:\/\/isfd803-chu.infd.edu.ar\/sitio\/wp-content\/uploads\/2018\/11\/Practica-IV_Lengua2018.pdf\">2018<\/a><\/td>\n<td width=\"200\">Castro Carolina &#8211; Silva Claudina<\/td>\n<\/tr>\n<\/tbody>\n<\/table>\n\n\n<p><\/p>\n","protected":false},"excerpt":{"rendered":"<p>DOCUMENTOS Dise\u00f1o Curricular Jurisdiccional\u00a0Res. 302\/14\u00a0Lengua\u00a0\u00a0Estructura Curricular &#8211; Plan de Estudios EQUIVALENCIAS PROGRAMAS\u00a0 PRIMER\u00a0 A\u00d1O Lectura y Escritura Acad\u00e9mica 2018 Lic. Cacciavilliani Diego Psicolog\u00eda Educacional 2018, 2019 Prof. Garc\u00eda Manino Roberto Pedagog\u00eda 2018 Prof. Casta\u00f1eira Gabriela Did\u00e1ctica General 2020 Prof. Mariela Calcagni Lingu\u00edstica 2015, 2019 Lic. Cacciavillani Diego Sistemas de la Lengua Espa\u00f1ola I 2018 Fernandez &#8230; <a title=\"Profesorado de Lengua y Literatura (Res 302\/14)\" class=\"read-more\" href=\"https:\/\/isfd803-chu.infd.edu.ar\/sitio\/profesorado-de-lengua-y-literatura-res-302-14-cohorte-2015\/\" aria-label=\"More on Profesorado de Lengua y Literatura (Res 302\/14)\">[+]<\/a><\/p>\n","protected":false},"author":1315,"featured_media":0,"parent":0,"menu_order":0,"comment_status":"closed","ping_status":"closed","template":"","meta":[],"acf":[],"_links":{"self":[{"href":"https:\/\/isfd803-chu.infd.edu.ar\/sitio\/wp-json\/wp\/v2\/pages\/1355"}],"collection":[{"href":"https:\/\/isfd803-chu.infd.edu.ar\/sitio\/wp-json\/wp\/v2\/pages"}],"about":[{"href":"https:\/\/isfd803-chu.infd.edu.ar\/sitio\/wp-json\/wp\/v2\/types\/page"}],"author":[{"embeddable":true,"href":"https:\/\/isfd803-chu.infd.edu.ar\/sitio\/wp-json\/wp\/v2\/users\/1315"}],"replies":[{"embeddable":true,"href":"https:\/\/isfd803-chu.infd.edu.ar\/sitio\/wp-json\/wp\/v2\/comments?post=1355"}],"version-history":[{"count":38,"href":"https:\/\/isfd803-chu.infd.edu.ar\/sitio\/wp-json\/wp\/v2\/pages\/1355\/revisions"}],"predecessor-version":[{"id":7011,"href":"https:\/\/isfd803-chu.infd.edu.ar\/sitio\/wp-json\/wp\/v2\/pages\/1355\/revisions\/7011"}],"wp:attachment":[{"href":"https:\/\/isfd803-chu.infd.edu.ar\/sitio\/wp-json\/wp\/v2\/media?parent=1355"}],"curies":[{"name":"wp","href":"https:\/\/api.w.org\/{rel}","templated":true}]}}