{"id":1328,"date":"2018-07-10T12:50:09","date_gmt":"2018-07-10T15:50:09","guid":{"rendered":"https:\/\/isfd803-chu.infd.edu.ar\/sitio\/?page_id=1328"},"modified":"2019-03-29T16:59:35","modified_gmt":"2019-03-29T19:59:35","slug":"tecnicatura-superior-en-administracion-publica-3","status":"publish","type":"page","link":"https:\/\/isfd803-chu.infd.edu.ar\/sitio\/tecnicatura-superior-en-administracion-publica-3\/","title":{"rendered":"Tecnicatura Superior en Administraci\u00f3n P\u00fablica"},"content":{"rendered":"<p><img decoding=\"async\" loading=\"lazy\" class=\"alignnone size-full wp-image-3515\" src=\"https:\/\/isfd803-chu.infd.edu.ar\/sitio\/wp-content\/uploads\/2018\/11\/Pink-Brush-Strokes-Beauty-Cosmetics-Facebook-Cover-28.jpg\" alt=\"\" width=\"828\" height=\"315\" srcset=\"https:\/\/isfd803-chu.infd.edu.ar\/sitio\/wp-content\/uploads\/2018\/11\/Pink-Brush-Strokes-Beauty-Cosmetics-Facebook-Cover-28.jpg 828w, https:\/\/isfd803-chu.infd.edu.ar\/sitio\/wp-content\/uploads\/2018\/11\/Pink-Brush-Strokes-Beauty-Cosmetics-Facebook-Cover-28-768x292.jpg 768w\" sizes=\"(max-width: 828px) 100vw, 828px\" \/><\/p>\n<p style=\"text-align: justify;\"><span style=\"font-size: 12pt;\"><span style=\"text-decoration: underline;\">Denominaci\u00f3n<\/span>: Tecnicatura Superior en Administraci\u00f3n P\u00fablica orientada al Desarrollo Local. <\/span><\/p>\n<p style=\"text-align: justify;\"><span style=\"font-size: 12pt;\"><span style=\"text-decoration: underline;\">T\u00edtulo que se otorga:<\/span> T\u00e9cnico\/a Superior en Administraci\u00f3n P\u00fablica orientado\/a al Desarrollo Local.<\/span><\/p>\n<p>&nbsp;<\/p>\n<p><span style=\"font-size: 14pt;\"><a title=\"Res 83\/15 TAP\" href=\"upload\/res_83_15.pdf\" target=\"_blank\" rel=\"noopener\"><img decoding=\"async\" loading=\"lazy\" title=\"\" src=\"https:\/\/isfd803-chu.infd.edu.ar\/sitio\/wp-content\/uploads\/2018\/07\/pdf_icono.jpg\" alt=\"\" width=\"87\" height=\"87\" border=\"0\" \/>\u00a0Res 83\/15<\/a><\/span><\/p>\n<p><span style=\"font-size: 12pt;\"><em><a title=\"DC ADMIN PUB\" href=\"upload\/Dise%F1o_Curricular_TSAP_2014.pdf\" target=\"_blank\" rel=\"noopener\">\u00a0<\/a><\/em><\/span><\/p>\n<p>&nbsp;<\/p>\n<p><strong><span style=\"font-size: 10pt;\">Coordinadora: Cecilia Basualdo<\/span><\/strong><\/p>\n<p>Programas<\/p>\n<p><a href=\"http:\/\/Programa de la materia Administraci\u00f3n Financiera y Presupuestaria del Sector P\u00fablico\">Administraci\u00f3n Financiera y Presupuestaria\u00a0del Sector P\u00fablico<\/a> (2019. Manuela Barisone)<\/p>\n<p>&nbsp;<\/p>\n<p>&nbsp;<\/p>\n","protected":false},"excerpt":{"rendered":"<p>Denominaci\u00f3n: Tecnicatura Superior en Administraci\u00f3n P\u00fablica orientada al Desarrollo Local. T\u00edtulo que se otorga: T\u00e9cnico\/a Superior en Administraci\u00f3n P\u00fablica orientado\/a al Desarrollo Local. &nbsp; \u00a0Res 83\/15 \u00a0 &nbsp; Coordinadora: Cecilia Basualdo Programas Administraci\u00f3n Financiera y Presupuestaria\u00a0del Sector P\u00fablico (2019. Manuela Barisone) &nbsp; &nbsp;<\/p>\n","protected":false},"author":1315,"featured_media":0,"parent":0,"menu_order":0,"comment_status":"closed","ping_status":"closed","template":"","meta":[],"acf":[],"_links":{"self":[{"href":"https:\/\/isfd803-chu.infd.edu.ar\/sitio\/wp-json\/wp\/v2\/pages\/1328"}],"collection":[{"href":"https:\/\/isfd803-chu.infd.edu.ar\/sitio\/wp-json\/wp\/v2\/pages"}],"about":[{"href":"https:\/\/isfd803-chu.infd.edu.ar\/sitio\/wp-json\/wp\/v2\/types\/page"}],"author":[{"embeddable":true,"href":"https:\/\/isfd803-chu.infd.edu.ar\/sitio\/wp-json\/wp\/v2\/users\/1315"}],"replies":[{"embeddable":true,"href":"https:\/\/isfd803-chu.infd.edu.ar\/sitio\/wp-json\/wp\/v2\/comments?post=1328"}],"version-history":[{"count":4,"href":"https:\/\/isfd803-chu.infd.edu.ar\/sitio\/wp-json\/wp\/v2\/pages\/1328\/revisions"}],"predecessor-version":[{"id":3987,"href":"https:\/\/isfd803-chu.infd.edu.ar\/sitio\/wp-json\/wp\/v2\/pages\/1328\/revisions\/3987"}],"wp:attachment":[{"href":"https:\/\/isfd803-chu.infd.edu.ar\/sitio\/wp-json\/wp\/v2\/media?parent=1328"}],"curies":[{"name":"wp","href":"https:\/\/api.w.org\/{rel}","templated":true}]}}