{"id":1318,"date":"2018-07-02T19:09:27","date_gmt":"2018-07-02T22:09:27","guid":{"rendered":"https:\/\/isfd803-chu.infd.edu.ar\/sitio\/profesorado-de-ingles-res-354-09-cohortes-2009-a-2014\/"},"modified":"2022-09-16T19:49:11","modified_gmt":"2022-09-16T22:49:11","slug":"profesorado-de-ingles-res-354-09-cohortes-2009-a-2014","status":"publish","type":"page","link":"https:\/\/isfd803-chu.infd.edu.ar\/sitio\/profesorado-de-ingles-res-354-09-cohortes-2009-a-2014\/","title":{"rendered":"Profesorado de Ingl\u00e9s (Res 354\/09)"},"content":{"rendered":"<h5><a href=\"https:\/\/isfd803-chu.infd.edu.ar\/sitio\/wp-content\/uploads\/2022\/08\/DC_Prof-de-Ingles_354_09-1-100.pdf\"><span style=\"font-size: 12pt;\" data-mce-mark=\"1\">Dise\u00f1o Curricular (Res 354\/09) PARTE I<\/span><\/a><\/h5>\n<h5><a href=\"https:\/\/isfd803-chu.infd.edu.ar\/sitio\/wp-content\/uploads\/2022\/08\/DC_Prof-de-Ingles_354_09-101-176.pdf\"><span style=\"font-size: 12pt;\" data-mce-mark=\"1\">Dise\u00f1o Curricular (Res 354\/09) PARTE I<\/span><\/a><\/h5>\n<p><strong><span style=\"font-size: 12pt;\"><a href=\"https:\/\/isfd803-chu.infd.edu.ar\/sitio\/wp-content\/uploads\/2022\/08\/Equivalencias_DC_Ingles_Res_354.09_1.pdf\">EQUIVALENCIAS<\/a><\/span><\/strong><\/p>\n<h1><span style=\"color: #ff6600;\">INCUMBENCIAS PROFESIONALES<\/span><\/h1>\n<p style=\"text-align: justify;\"><span style=\"font-size: 12pt;\" data-mce-mark=\"1\">Habilita al egresado para desempe\u00f1arse como docente de Ingles en establecimientos de Gesti\u00f3n p\u00fablica y privada.<\/span><\/p>\n<h1><span style=\"color: #ff6600;\">PERFIL DEL EGRESADO<\/span><\/h1>\n<ul style=\"text-align: justify;\">\n<li><span style=\"font-size: 12pt;\" data-mce-mark=\"1\">En el \u00e1mbito de la formaci\u00f3n cient\u00edfica: <\/span>\n<ul>\n<li style=\"text-align: justify;\"><span style=\"font-size: 12pt;\" data-mce-mark=\"1\">Desarrollar las competencias ling\u00fcisticas &#8211; comunicativas en ingles para un uso fluido de la oralidad, la escucha, la lectura y la escritura en diferentes contextos comunicativos.<\/span><\/li>\n<li style=\"text-align: justify;\"><span style=\"font-size: 12pt;\" data-mce-mark=\"1\">Comprender las variedades de lengua ingl\u00e9s y sus rasgos de inteligibilidad general, como un veh\u00edculo de comunicaci\u00f3n interna.<\/span><\/li>\n<li style=\"text-align: justify;\"><span style=\"font-size: 12pt;\" data-mce-mark=\"1\">Desarrollar una competencia literaria que le permita el desarrollo y la reflexi\u00f3n sobre las tres funciones b\u00e1sicas: la personal, cognitiva y social.<\/span><\/li>\n<\/ul>\n<\/li>\n<li style=\"text-align: justify;\"><span style=\"font-size: 12pt;\" data-mce-mark=\"1\">En el \u00e1mbito de la formaci\u00f3n psicopedag\u00f3gica: <\/span>\n<ul>\n<li style=\"text-align: justify;\"><span style=\"font-size: 12pt;\" data-mce-mark=\"1\">Conocer, analizar cr\u00edticamente los contenidos y expectativas de logro propuestas en los DC juridiccionales para el tercer ciclo y polimodal.<\/span><\/li>\n<li style=\"text-align: justify;\"><span style=\"font-size: 12pt;\" data-mce-mark=\"1\">Conocer el campo de la ense\u00f1anza de la lengua extranjera.<\/span><\/li>\n<li style=\"text-align: justify;\"><span style=\"font-size: 12pt;\" data-mce-mark=\"1\">Construir modelos pedag\u00f3gicos que gu\u00eden la pr\u00e1ctica docente en el \u00e1rea de lengua extranjera en el tercer ciclo y polimodal.<\/span><\/li>\n<li style=\"text-align: justify;\"><span style=\"font-size: 12pt;\" data-mce-mark=\"1\">Participar en equipos de dise\u00f1o de planes de estudio y realizar asesoramiento pedag\u00f3gico en su \u00e1rea de competencia.<\/span><\/li>\n<li style=\"text-align: justify;\"><span style=\"font-size: 12pt;\" data-mce-mark=\"1\">Dise\u00f1ar, desarrollar y evaluar propuestas de ense\u00f1anza para el \u00e1rea en el tercer ciclo y polimodal.<\/span><\/li>\n<li style=\"text-align: justify;\"><span style=\"font-size: 12pt;\" data-mce-mark=\"1\">Realizar investigaci\u00f3n educativa.<\/span><\/li>\n<\/ul>\n<\/li>\n<li style=\"text-align: justify;\"><span style=\"font-size: 12pt;\" data-mce-mark=\"1\">En el \u00e1mbito contextual: <\/span>\n<ul>\n<li style=\"text-align: justify;\"><span style=\"font-size: 12pt;\" data-mce-mark=\"1\">Comprender los fundamentos \u00e9ticos y pol\u00edticos de las pr\u00e1cticas educativas en el contexto acutal.<\/span><\/li>\n<li style=\"text-align: justify;\"><span style=\"font-size: 12pt;\" data-mce-mark=\"1\">Comprometerse cr\u00edticamente en la din\u00e1mica educativa y sociocultural del entorno local, regional y nacional asumiendo una actitud de participaci\u00f3n activa en las mismas.<\/span><\/li>\n<\/ul>\n<\/li>\n<\/ul>\n<h1><span style=\"color: #ff6600;\">MAPA CURRICULAR <\/span><\/h1>\n<p><strong><em><span style=\"font-family: verdana,geneva; font-size: 10pt;\" data-mce-mark=\"1\"><img decoding=\"async\" title=\"profesorado de ingles\" src=\"https:\/\/isfd803-chu.infd.edu.ar\/sitio\/wp-content\/uploads\/2018\/07\/mapa_curricular_ingles.jpg\" alt=\"profesorado de ingles\" border=\"0\" \/><br \/>\n<\/span><\/em><\/strong><\/p>\n","protected":false},"excerpt":{"rendered":"<p>Dise\u00f1o Curricular (Res 354\/09) PARTE I Dise\u00f1o Curricular (Res 354\/09) PARTE I EQUIVALENCIAS INCUMBENCIAS PROFESIONALES Habilita al egresado para desempe\u00f1arse como docente de Ingles en establecimientos de Gesti\u00f3n p\u00fablica y privada. PERFIL DEL EGRESADO En el \u00e1mbito de la formaci\u00f3n cient\u00edfica: Desarrollar las competencias ling\u00fcisticas &#8211; comunicativas en ingles para un uso fluido de la &#8230; <a title=\"Profesorado de Ingl\u00e9s (Res 354\/09)\" class=\"read-more\" href=\"https:\/\/isfd803-chu.infd.edu.ar\/sitio\/profesorado-de-ingles-res-354-09-cohortes-2009-a-2014\/\" aria-label=\"More on Profesorado de Ingl\u00e9s (Res 354\/09)\">[+]<\/a><\/p>\n","protected":false},"author":1315,"featured_media":0,"parent":0,"menu_order":0,"comment_status":"closed","ping_status":"closed","template":"","meta":[],"acf":[],"_links":{"self":[{"href":"https:\/\/isfd803-chu.infd.edu.ar\/sitio\/wp-json\/wp\/v2\/pages\/1318"}],"collection":[{"href":"https:\/\/isfd803-chu.infd.edu.ar\/sitio\/wp-json\/wp\/v2\/pages"}],"about":[{"href":"https:\/\/isfd803-chu.infd.edu.ar\/sitio\/wp-json\/wp\/v2\/types\/page"}],"author":[{"embeddable":true,"href":"https:\/\/isfd803-chu.infd.edu.ar\/sitio\/wp-json\/wp\/v2\/users\/1315"}],"replies":[{"embeddable":true,"href":"https:\/\/isfd803-chu.infd.edu.ar\/sitio\/wp-json\/wp\/v2\/comments?post=1318"}],"version-history":[{"count":8,"href":"https:\/\/isfd803-chu.infd.edu.ar\/sitio\/wp-json\/wp\/v2\/pages\/1318\/revisions"}],"predecessor-version":[{"id":6871,"href":"https:\/\/isfd803-chu.infd.edu.ar\/sitio\/wp-json\/wp\/v2\/pages\/1318\/revisions\/6871"}],"wp:attachment":[{"href":"https:\/\/isfd803-chu.infd.edu.ar\/sitio\/wp-json\/wp\/v2\/media?parent=1318"}],"curies":[{"name":"wp","href":"https:\/\/api.w.org\/{rel}","templated":true}]}}