{"id":1314,"date":"2018-07-02T19:09:25","date_gmt":"2018-07-02T22:09:25","guid":{"rendered":"https:\/\/isfd803-chu.infd.edu.ar\/sitio\/profesorado-de-educacion-inicial-res-129-09-cohortes-2009-a-2014\/"},"modified":"2018-11-23T18:54:42","modified_gmt":"2018-11-23T21:54:42","slug":"profesorado-de-educacion-inicial-res-129-09-cohortes-2009-a-2014","status":"publish","type":"page","link":"https:\/\/isfd803-chu.infd.edu.ar\/sitio\/profesorado-de-educacion-inicial-res-129-09-cohortes-2009-a-2014\/","title":{"rendered":"Profesorado de Educaci\u00f3n Inicial (Res 129\/09)"},"content":{"rendered":"<p style=\"text-align: left;\"><img decoding=\"async\" loading=\"lazy\" class=\"alignnone size-full wp-image-3521\" src=\"https:\/\/isfd803-chu.infd.edu.ar\/sitio\/wp-content\/uploads\/2018\/11\/Pink-Brush-Strokes-Beauty-Cosmetics-Facebook-Cover-30.jpg\" alt=\"\" width=\"828\" height=\"315\" srcset=\"https:\/\/isfd803-chu.infd.edu.ar\/sitio\/wp-content\/uploads\/2018\/11\/Pink-Brush-Strokes-Beauty-Cosmetics-Facebook-Cover-30.jpg 828w, https:\/\/isfd803-chu.infd.edu.ar\/sitio\/wp-content\/uploads\/2018\/11\/Pink-Brush-Strokes-Beauty-Cosmetics-Facebook-Cover-30-768x292.jpg 768w\" sizes=\"(max-width: 828px) 100vw, 828px\" \/><\/p>\n<p style=\"text-align: left;\"><span style=\"font-size: 18pt;\"><a title=\"Dise\u00f1o Inicial y Primaria vigente\" href=\"upload\/DISE%D1O_CURRICULAR_JURISDICCIONAL_INICIAL_y_PRIMARIA.pdf\" target=\"_blank\" rel=\"noopener\"><img decoding=\"async\" loading=\"lazy\" title=\"\" src=\"https:\/\/isfd803-chu.infd.edu.ar\/sitio\/wp-content\/uploads\/2018\/07\/pdf_icono.jpg\" alt=\"\" width=\"58\" height=\"58\" border=\"0\" \/>DISE\u00d1O CURRICULAR<\/a><\/span><\/p>\n<p style=\"text-align: left;\"><span style=\"font-size: 18pt;\"><a title=\"Inicial\" href=\"upload\/Equivalencias_DC_EdInicial_1.pdf\" target=\"_blank\" rel=\"noopener\"><img decoding=\"async\" loading=\"lazy\" title=\"\" src=\"https:\/\/isfd803-chu.infd.edu.ar\/sitio\/wp-content\/uploads\/2018\/07\/pdf_icono.jpg\" alt=\"\" width=\"60\" height=\"60\" border=\"0\" \/>EQUIVALENCIAS<\/a><\/span><\/p>\n<h1><span style=\"color: #ff6600;\">PROGRAMAS<\/span><\/h1>\n<p><strong>PRIMER A\u00d1O<\/strong><\/p>\n<p><strong>SEGUNDO A\u00d1O<\/strong><\/p>\n<p><strong>TERCER A\u00d1O<\/strong><\/p>\n<p><strong>CUARTO A\u00d1O<\/strong><\/p>\n<p><a href=\"https:\/\/isfd803-chu.infd.edu.ar\/sitio\/wp-content\/uploads\/2018\/11\/Programa-Investigaci\u00f3n-Educativa_Inicial2016.pdf\">Investigaci\u00f3n Educativa &#8211; Ana Mariel Weinstock (2016)<\/a><\/p>\n","protected":false},"excerpt":{"rendered":"<p>DISE\u00d1O CURRICULAR EQUIVALENCIAS PROGRAMAS PRIMER A\u00d1O SEGUNDO A\u00d1O TERCER A\u00d1O CUARTO A\u00d1O Investigaci\u00f3n Educativa &#8211; Ana Mariel Weinstock (2016)<\/p>\n","protected":false},"author":1315,"featured_media":0,"parent":0,"menu_order":0,"comment_status":"closed","ping_status":"closed","template":"","meta":[],"acf":[],"_links":{"self":[{"href":"https:\/\/isfd803-chu.infd.edu.ar\/sitio\/wp-json\/wp\/v2\/pages\/1314"}],"collection":[{"href":"https:\/\/isfd803-chu.infd.edu.ar\/sitio\/wp-json\/wp\/v2\/pages"}],"about":[{"href":"https:\/\/isfd803-chu.infd.edu.ar\/sitio\/wp-json\/wp\/v2\/types\/page"}],"author":[{"embeddable":true,"href":"https:\/\/isfd803-chu.infd.edu.ar\/sitio\/wp-json\/wp\/v2\/users\/1315"}],"replies":[{"embeddable":true,"href":"https:\/\/isfd803-chu.infd.edu.ar\/sitio\/wp-json\/wp\/v2\/comments?post=1314"}],"version-history":[{"count":4,"href":"https:\/\/isfd803-chu.infd.edu.ar\/sitio\/wp-json\/wp\/v2\/pages\/1314\/revisions"}],"predecessor-version":[{"id":3580,"href":"https:\/\/isfd803-chu.infd.edu.ar\/sitio\/wp-json\/wp\/v2\/pages\/1314\/revisions\/3580"}],"wp:attachment":[{"href":"https:\/\/isfd803-chu.infd.edu.ar\/sitio\/wp-json\/wp\/v2\/media?parent=1314"}],"curies":[{"name":"wp","href":"https:\/\/api.w.org\/{rel}","templated":true}]}}