{"id":1312,"date":"2018-07-02T19:09:24","date_gmt":"2018-07-02T22:09:24","guid":{"rendered":"https:\/\/isfd803-chu.infd.edu.ar\/sitio\/profesorado-de-educacion-especial-res-315-14-cohorte-2018\/"},"modified":"2025-11-20T18:22:37","modified_gmt":"2025-11-20T21:22:37","slug":"profesorado-de-educacion-especial-res-595-17","status":"publish","type":"page","link":"https:\/\/isfd803-chu.infd.edu.ar\/sitio\/profesorado-de-educacion-especial-res-595-17\/","title":{"rendered":"Profesorado de Educaci\u00f3n Especial (Res 595\/17)"},"content":{"rendered":"\n<h1 class=\"wp-block-heading\">&nbsp;<\/h1>\n\n\n\n<h1 class=\"wp-block-heading\"><span style=\"color: #ff6600;\">DOCUMENTOS<\/span><\/h1>\n\n\n\n<p><span style=\"font-size: 10pt;\">&nbsp;<\/span><span style=\"font-size: 12pt;\"><a title=\"Anexo I DC Especial\" href=\"upload\/Anexo_I_DC_Prof._EdEspecial_or._DiscIntelectual.pdf\" target=\"_blank\" rel=\"noopener\"><img decoding=\"async\" loading=\"lazy\" title=\"\" src=\"https:\/\/isfd803-chu.infd.edu.ar\/sitio\/wp-content\/uploads\/2018\/07\/pdf_icono.jpg\" alt=\"\" width=\"53\" height=\"53\" border=\"0\">Dise\u00f1o Curricular Jurisdiccional&nbsp;<\/a><\/span><span style=\"font-size: 12pt;\"><img decoding=\"async\" loading=\"lazy\" title=\"\" src=\"https:\/\/isfd803-chu.infd.edu.ar\/sitio\/wp-content\/uploads\/2018\/07\/pdf_icono.jpg\" alt=\"\" width=\"53\" height=\"53\" border=\"0\"><a href=\"https:\/\/isfd803-chu.infd.edu.ar\/sitio\/wp-content\/uploads\/2018\/08\/Res-595-Educ-Esp-2018.pdf\">Res. 595\/17 Especial&nbsp;<\/a><\/span><a title=\"Mapa Especial 315\" href=\"upload\/Mapa_Especial_315.pdf\" target=\"_blank\" rel=\"noopener\"><img decoding=\"async\" loading=\"lazy\" title=\"\" src=\"https:\/\/isfd803-chu.infd.edu.ar\/sitio\/wp-content\/uploads\/2018\/07\/pdf_icono.jpg\" alt=\"\" width=\"53\" height=\"53\" border=\"0\"><\/a><a href=\"https:\/\/isfd803-chu.infd.edu.ar\/sitio\/wp-content\/uploads\/2018\/08\/Especial-595-Estructura-curricular.pdf\">Estructura Curricular &#8211; Plan de Estudios<\/a><\/p>\n\n\n\n<h1 class=\"wp-block-heading\">&nbsp;<\/h1>\n\n\n\n<h1 class=\"wp-block-heading\"><span style=\"color: #ff6600;\">PROGRAMAS COHORTE&nbsp;<\/span><\/h1>\n\n\n\n<figure class=\"wp-block-table aligncenter\"><table><tbody><tr><td><strong>PRIMER&nbsp; A\u00d1O<\/strong><\/td><\/tr><tr><td>Lectura y Escritura Acad\u00e9mica<\/td><td>&nbsp;<\/td><\/tr><tr><td>Pedagog\u00eda<\/td><td><a href=\"https:\/\/isfd803-chu.infd.edu.ar\/sitio\/wp-content\/uploads\/2020\/05\/Programa-Pedagog\u00eda-Educaci\u00f3n-Especial.docx\">2020<\/a>&nbsp;&#8211; <a href=\"https:\/\/isfd803-chu.infd.edu.ar\/sitio\/wp-content\/uploads\/2021\/05\/Programa-Pedagogia-ESPECIAL-2021-1.pdf\">2021<\/a><\/td><\/tr><tr><td>Did\u00e1ctica General<\/td><td><a href=\"https:\/\/isfd803-chu.infd.edu.ar\/sitio\/wp-content\/uploads\/2022\/11\/Programa-Didactica-General-ESP.pdf\">2022<\/a><\/td><\/tr><tr><td>Psicolog\u00eda Educacional<\/td><td><a href=\"https:\/\/isfd803-chu.infd.edu.ar\/sitio\/wp-content\/uploads\/2019\/03\/PROGRAMA-Psicolog\u00eda-Educacional-2019.doc\">2019<\/a><\/td><\/tr><tr><td>DDH y Educaci\u00f3n<\/td><td><a href=\"https:\/\/isfd803-chu.infd.edu.ar\/sitio\/wp-content\/uploads\/2021\/04\/Programa-DDHH-y-Educacion-Prof-Educacion-Especial-2021-1.pdf\">2021<\/a><\/td><\/tr><tr><td>Educaci\u00f3n Sexual Integral<\/td><td><a href=\"https:\/\/isfd803-chu.infd.edu.ar\/sitio\/wp-content\/uploads\/2020\/10\/Programa-ESI-2020.pdf\">2020<\/a> &#8211; <a href=\"https:\/\/isfd803-chu.infd.edu.ar\/sitio\/wp-content\/uploads\/2023\/09\/PROGRAMA-ESI-2023-PEE-Weinstock-Ana-Mariel.pdf\">2023<\/a><\/td><\/tr><tr><td>Problem. Contempor\u00e1neas de la Eud. Especial<\/td><td><a href=\"https:\/\/isfd803-chu.infd.edu.ar\/sitio\/wp-content\/uploads\/2019\/03\/PROGRAMA-PROBLEMATICAS-2019.doc\">2019<\/a><\/td><\/tr><tr><td>Lenguajes Art\u00edsticos Integrados<\/td><td><a href=\"https:\/\/isfd803-chu.infd.edu.ar\/sitio\/wp-content\/uploads\/2019\/03\/Programa-Leng-Art-Integ-2019-1.doc\">2019<\/a><\/td><\/tr><tr><td>Unidad de Definici\u00f3n Institucional del CFE I<\/td><td><a href=\"https:\/\/isfd803-chu.infd.edu.ar\/sitio\/wp-content\/uploads\/2021\/06\/PROGRAMA-UDI-2020-firmado.pdf\">2020<\/a>, <a href=\"https:\/\/isfd803-chu.infd.edu.ar\/sitio\/wp-content\/uploads\/2021\/06\/PROGRAMA-UDI-legua-selas-PEE-CUATRIMESTRAL-firmado-2021.pdf\">2021<\/a><\/td><\/tr><tr><td>Pr\u00e1ctica Prof. Docente I<\/td><td><a href=\"https:\/\/isfd803-chu.infd.edu.ar\/sitio\/wp-content\/uploads\/2019\/03\/PROGRAMA-PRACTICA-2019.doc\">2019<\/a><\/td><\/tr><tr><td>&nbsp;<\/td><td>&nbsp;<\/td><\/tr><tr><td><strong>SEGUNDO&nbsp; A\u00d1O<\/strong><\/td><\/tr><tr><td>Historia Social y Pol\u00edtica de la Educaci\u00f3n Argentina<\/td><td><a href=\"https:\/\/isfd803-chu.infd.edu.ar\/sitio\/wp-content\/uploads\/2022\/05\/programa_historia_y_politica_ed.especial_2022.pdf\">2022<\/a> &#8211; <a href=\"https:\/\/isfd803-chu.infd.edu.ar\/sitio\/wp-content\/uploads\/2023\/09\/PROGRAMA-HISTORIA-Y-POLITICA-DE-LA-EDUCACION-ARGENTINA-PROF.-ROSARIO-LUNA-Rosario-Luna.pdf\">2023<\/a><\/td><\/tr><tr><td>Educaci\u00f3n y TIC<\/td><td>&nbsp;<\/td><\/tr><tr><td>Matem\u00e1tica y su Did\u00e1ctica I<\/td><td>&nbsp;<\/td><\/tr><tr><td>Ciencias Sociales y su Did\u00e1ctica I<\/td><td>&nbsp;<\/td><\/tr><tr><td>Lengua y Literatura&nbsp; y su Did\u00e1ctica I<\/td><td>&nbsp;<\/td><\/tr><tr><td>Ciencias Naturales y su Did\u00e1ctica I<\/td><td>&nbsp;<\/td><\/tr><tr><td>Educaci\u00f3n Art\u00edstica y su Did\u00e1ctica<\/td><td><a href=\"https:\/\/isfd803-chu.infd.edu.ar\/sitio\/wp-content\/uploads\/2023\/12\/Programa-Ed.-Artistica-y-su-Didactica-ISFD803-2023.doc-Natalia-Lebas.pdf\">&nbsp;2023<\/a><\/td><\/tr><tr><td>Educaci\u00f3n Tecnol\u00f3gica y su Did\u00e1ctica<\/td><td>&nbsp;<\/td><\/tr><tr><td>Comunicaci\u00f3n y Lenguaje<\/td><td>&nbsp;<\/td><\/tr><tr><td>Educaci\u00f3n Temprana<\/td><td><a href=\"https:\/\/isfd803-chu.infd.edu.ar\/sitio\/wp-content\/uploads\/2019\/03\/proyecto-estimulaci\u00f3n-temprana.docx\">2019<\/a> &#8211; <a style=\"font-size: revert; font-family: inherit; font-weight: inherit; text-align: initial;\" href=\"https:\/\/isfd803-chu.infd.edu.ar\/sitio\/wp-content\/uploads\/2021\/03\/educacion-temprana-programa.doc\">2020<\/a> <\/td><\/tr><tr><td>Sujetos de la Educaci\u00f3n Especial I<\/td><td><a href=\"https:\/\/isfd803-chu.infd.edu.ar\/sitio\/wp-content\/uploads\/2023\/08\/Programa-Sujetos-de-la-Ed.-Especial-I-2023-Pablo-Reiss.doc\">2023<\/a><\/td><\/tr><tr><td>Pr\u00e1ctica Prof. Docente II<\/td><td><a href=\"https:\/\/isfd803-chu.infd.edu.ar\/sitio\/wp-content\/uploads\/2023\/09\/Programa-E.E-2023-Nora-Bartolo.pdf\">2023<\/a><\/td><\/tr><tr><td>&nbsp;<\/td><td>&nbsp;<\/td><\/tr><tr><td><strong>TERCER&nbsp; A\u00d1O<\/strong><\/td><\/tr><tr><td>Sociolog\u00eda de la Educaci\u00f3n<\/td><td><a href=\"https:\/\/isfd803-chu.infd.edu.ar\/sitio\/wp-content\/uploads\/2021\/06\/PROGRAMA-DE-SOCIOLOG\u00cdA-D-E-LA-EDUCACI\u00d3N.-PEE.-MG.-JUANA-PIL.pdf\">2021<\/a>, <a href=\"https:\/\/isfd803-chu.infd.edu.ar\/sitio\/wp-content\/uploads\/2023\/08\/Programa-Sociologia-Jessica-Murphy.pdf\">2023<\/a><\/td><\/tr><tr><td>Educaci\u00f3n Psicomotriz y Desarrollo de la Corporalidad<\/td><td>&nbsp;<\/td><\/tr><tr><td>Lengua y Literatura&nbsp; y su Did\u00e1ctica II<\/td><td><a href=\"https:\/\/isfd803-chu.infd.edu.ar\/sitio\/wp-content\/uploads\/2019\/04\/Programa-Lengua-y-Literatura-y-Su-Did\u00e1ctica-II-Arroyo-Slucinse-2018-enviado.docx\">2018<\/a> &#8211; <a href=\"https:\/\/isfd803-chu.infd.edu.ar\/sitio\/wp-content\/uploads\/2023\/08\/Programa-LyL-y-su-Didactica-II-2023-Arroyo-Colo-Liliana-Arroyo.docx\">2023<\/a> &#8211; <a href=\"https:\/\/isfd803-chu.infd.edu.ar\/sitio\/wp-content\/uploads\/2024\/06\/Programa-LyL-y-su-Didactica-Ed.Esp_.-Patricia-Goettig.doc\">2024<\/a><\/td><\/tr><tr><td>Matem\u00e1tica y su Did\u00e1ctica II<\/td><td><a href=\"https:\/\/isfd803-chu.infd.edu.ar\/sitio\/wp-content\/uploads\/2019\/03\/Programa-de-3ero-Especial-Matem\u00e1tica-y-su-didactica-2.docx\">2019<\/a><\/td><\/tr><tr><td>Ciencias Sociales y su Did\u00e1ctica II<\/td><td><a href=\"https:\/\/isfd803-chu.infd.edu.ar\/sitio\/wp-content\/uploads\/2019\/04\/Ciencias-Sociales-y-su-didactica.docx\">2019<\/a><\/td><\/tr><tr><td>Ciencias Naturales y su Did\u00e1ctica II<\/td><td><a href=\"https:\/\/isfd803-chu.infd.edu.ar\/sitio\/wp-content\/uploads\/2023\/09\/PROGRAMA-2023-CIENCIAS-NATURALES-Y-SU-DIDACTICA-II-RIVAS-CASTRO-Patricia-Castro.doc\">&nbsp;2023<\/a><\/td><\/tr><tr><td>Problem\u00e1ticas del Desarrollo<\/td><td><a href=\"https:\/\/isfd803-chu.infd.edu.ar\/sitio\/wp-content\/uploads\/2023\/09\/PROGRAMA-PROBLEMATICAS-DEL-DESARROLLO-2023-maria-victoria-Garay.docx\">&nbsp;2023<\/a><\/td><\/tr><tr><td>Sujetos de la Educaci\u00f3n Especial II<\/td><td>&nbsp;<\/td><\/tr><tr><td>Alfabetizaci\u00f3n Inicial I<\/td><td><a href=\"https:\/\/isfd803-chu.infd.edu.ar\/sitio\/wp-content\/uploads\/2020\/05\/Programa-Alfabetizaci\u00f2n-I-3er-a\u00f1o-Especial-Arroyo-Enviado.docx\">2018 &#8211; 2019<\/a><\/td><\/tr><tr><td>Pr\u00e1ctica Prof. Docente III<\/td><td><a href=\"https:\/\/isfd803-chu.infd.edu.ar\/sitio\/wp-content\/uploads\/2024\/06\/PROGRAMA-especial-2024-Angeles-Lagier.doc\">&nbsp;2024<\/a><\/td><\/tr><tr><td>&nbsp;<\/td><td>&nbsp;<\/td><\/tr><tr><td><strong>CUARTO A\u00d1O<\/strong><\/td><\/tr><tr><td>Filosof\u00eda de la Educaci\u00f3n<\/td><td>\u00a0<a href=\"https:\/\/isfd803-chu.infd.edu.ar\/sitio\/wp-content\/uploads\/2024\/05\/PROGRAMA-Filosofia-de-la-Educacion-Prof.-Educacion-Especial-Navarro-Leonel-Leonel-Navarro.doc\">2024<\/a> &#8211; <a href=\"https:\/\/isfd803-chu.infd.edu.ar\/sitio\/wp-content\/uploads\/2025\/11\/PROGRAMA-FILOSOFIA-DE-LA-EDUC.-ESPECIAL-Navarro-Leonel-copia-Leonel-Navarro.pdf\">2025<\/a><\/td><\/tr><tr><td>Investigaci\u00f3n Educativa<\/td><td>&nbsp;<\/td><\/tr><tr><td>Unidad de Definici\u00f3n Institucional CFG I<\/td><td><a href=\"https:\/\/isfd803-chu.infd.edu.ar\/sitio\/wp-content\/uploads\/2024\/11\/programa-SAAC.doc\">\u00a02024<\/a><\/td><\/tr><tr><td>Unidad de Definici\u00f3n Institucional CFG II<\/td><td>&nbsp;<\/td><\/tr><tr><td>Trayectorias Educativas Integrales<\/td><td><a href=\"https:\/\/isfd803-chu.infd.edu.ar\/sitio\/wp-content\/uploads\/2023\/09\/PROGRAMA_TEI_2023.docx\">2023<\/a> &#8211; <a href=\"https:\/\/isfd803-chu.infd.edu.ar\/sitio\/wp-content\/uploads\/2024\/05\/Programa-Trayectorias-Educativas-Integrales-Especial-Natalia-Alcalde-Natalia-Alcalde.docx\">2024<\/a><\/td><\/tr><tr><td>Educaci\u00f3n de J\u00f3venes y Adultos y Form. Integral<\/td><td>&nbsp;<\/td><\/tr><tr><td>Equipos Interdisc. En Educaci\u00f3n Especial<\/td><td><a href=\"https:\/\/isfd803-chu.infd.edu.ar\/sitio\/wp-content\/uploads\/2023\/09\/Programa-Equipos-2023-Maria-Laura-Martinez.docx\">2023<\/a><\/td><\/tr><tr><td>Alfabetizaci\u00f3n Inicial II<\/td><td><a href=\"https:\/\/isfd803-chu.infd.edu.ar\/sitio\/wp-content\/uploads\/2023\/08\/Programa-Seminario-Alfabetizacion-II-PEE-2023-Arroyo-Mangini-Liliana-Arroyo.docx\">2023<\/a><\/td><\/tr><tr><td>Pr\u00e1ctica Prof. Docente IV<\/td><td>&nbsp;<a href=\"https:\/\/isfd803-chu.infd.edu.ar\/sitio\/wp-content\/uploads\/2024\/05\/PROGRAMA-2024-yanina-lipari.docx\">2024<\/a><\/td><\/tr><\/tbody><\/table><\/figure>\n\n\n\n<p><\/p>\n","protected":false},"excerpt":{"rendered":"<p>&nbsp; DOCUMENTOS &nbsp;Dise\u00f1o Curricular Jurisdiccional&nbsp;Res. 595\/17 Especial&nbsp;Estructura Curricular &#8211; Plan de Estudios &nbsp; PROGRAMAS COHORTE&nbsp; PRIMER&nbsp; A\u00d1O Lectura y Escritura Acad\u00e9mica &nbsp; Pedagog\u00eda 2020&nbsp;&#8211; 2021 Did\u00e1ctica General 2022 Psicolog\u00eda Educacional 2019 DDH y Educaci\u00f3n 2021 Educaci\u00f3n Sexual Integral 2020 &#8211; 2023 Problem. Contempor\u00e1neas de la Eud. Especial 2019 Lenguajes Art\u00edsticos Integrados 2019 Unidad de Definici\u00f3n &#8230; <a title=\"Profesorado de Educaci\u00f3n Especial (Res 595\/17)\" class=\"read-more\" href=\"https:\/\/isfd803-chu.infd.edu.ar\/sitio\/profesorado-de-educacion-especial-res-595-17\/\" aria-label=\"More on Profesorado de Educaci\u00f3n Especial (Res 595\/17)\">[+]<\/a><\/p>\n","protected":false},"author":1315,"featured_media":0,"parent":0,"menu_order":0,"comment_status":"closed","ping_status":"closed","template":"","meta":[],"acf":[],"_links":{"self":[{"href":"https:\/\/isfd803-chu.infd.edu.ar\/sitio\/wp-json\/wp\/v2\/pages\/1312"}],"collection":[{"href":"https:\/\/isfd803-chu.infd.edu.ar\/sitio\/wp-json\/wp\/v2\/pages"}],"about":[{"href":"https:\/\/isfd803-chu.infd.edu.ar\/sitio\/wp-json\/wp\/v2\/types\/page"}],"author":[{"embeddable":true,"href":"https:\/\/isfd803-chu.infd.edu.ar\/sitio\/wp-json\/wp\/v2\/users\/1315"}],"replies":[{"embeddable":true,"href":"https:\/\/isfd803-chu.infd.edu.ar\/sitio\/wp-json\/wp\/v2\/comments?post=1312"}],"version-history":[{"count":64,"href":"https:\/\/isfd803-chu.infd.edu.ar\/sitio\/wp-json\/wp\/v2\/pages\/1312\/revisions"}],"predecessor-version":[{"id":11358,"href":"https:\/\/isfd803-chu.infd.edu.ar\/sitio\/wp-json\/wp\/v2\/pages\/1312\/revisions\/11358"}],"wp:attachment":[{"href":"https:\/\/isfd803-chu.infd.edu.ar\/sitio\/wp-json\/wp\/v2\/media?parent=1312"}],"curies":[{"name":"wp","href":"https:\/\/api.w.org\/{rel}","templated":true}]}}