{"id":1267,"date":"2018-07-02T19:09:04","date_gmt":"2018-07-02T22:09:04","guid":{"rendered":"https:\/\/isfd803-chu.infd.edu.ar\/sitio\/unidad-de-medios-audiovisuales\/"},"modified":"2018-07-04T19:59:47","modified_gmt":"2018-07-04T22:59:47","slug":"unidad-de-medios-audiovisuales","status":"publish","type":"page","link":"https:\/\/isfd803-chu.infd.edu.ar\/sitio\/unidad-de-medios-audiovisuales\/","title":{"rendered":"Unidad de Medios Audiovisuales"},"content":{"rendered":"<p style=\"text-align: justify;\"><span style=\"font-size: 12pt;\">La Unidad de Medios Audiovisuales, dependiente del ISFD 803, se cre\u00f3 con el objeto de generar un espacio institucional de consultas y capacitaciones, que permitan brindar herramientas audiovisuales para todos los integrantes de la comunidad educativa.<\/span><\/p>\n<p style=\"text-align: justify;\"><span style=\"font-size: 12pt;\">Es por ello que se determinaron d\u00edas y horarios para establecer un lugar de encuentro dentro de la instituci\u00f3n, m\u00e1s all\u00e1 de las consultas v\u00eda web que se puedan realizar.<\/span><\/p>\n<p style=\"text-align: justify;\"><span style=\"font-size: 12pt;\">As\u00ed mismo, fue misi\u00f3n de la Unidad proveer al instituto de todo el material para dicha tarea, pero el uso tanto de la filmadora, como equipo de sonido y tr\u00edpode, deben ser solicitados con anticipaci\u00f3n en biblioteca como el resto de los recursos tecnol\u00f3gicos.<\/span><span style=\"font-size: 12pt;\">\u00a0<\/span><\/p>\n<p style=\"text-align: justify;\"><span style=\"font-size: 12pt;\">Si no lo conoc\u00edas o queres saber un poco m\u00e1s de este espacio no dudes en acercarte los d\u00edas y horario abajo mencionados o escribirnos al mail<\/span><\/p>\n<p><span style=\"font-size: 14pt;\">Contacto: <a href=\"mailto:isfd803.uma@gmail.com\">isfd803.uma@gmail.com<\/a><\/span><\/p>\n<p><span style=\"font-size: 14pt;\"><img decoding=\"async\" loading=\"lazy\" style=\"border: 0; vertical-align: middle;\" title=\"UMA\" src=\"https:\/\/isfd803-chu.infd.edu.ar\/sitio\/wp-content\/uploads\/2018\/07\/taller_uma_sabados.jpg\" alt=\"UMA\" width=\"496\" height=\"703\" border=\"0\" \/><\/span><\/p>\n<p>&nbsp;<\/p>\n<p>&nbsp;<\/p>\n<p><span style=\"font-size: 14pt;\"><img decoding=\"async\" loading=\"lazy\" style=\"border: 0;\" title=\"uma 2017\" src=\"https:\/\/isfd803-chu.infd.edu.ar\/sitio\/wp-content\/uploads\/2018\/07\/uma_2017.jpg\" alt=\"uma 2017\" width=\"500\" height=\"500\" border=\"0\" \/><\/span><\/p>\n","protected":false},"excerpt":{"rendered":"<p>La Unidad de Medios Audiovisuales, dependiente del ISFD 803, se cre\u00f3 con el objeto de generar un espacio institucional de consultas y capacitaciones, que permitan brindar herramientas audiovisuales para todos los integrantes de la comunidad educativa. Es por ello que se determinaron d\u00edas y horarios para establecer un lugar de encuentro dentro de la instituci\u00f3n, &#8230; <a title=\"Unidad de Medios Audiovisuales\" class=\"read-more\" href=\"https:\/\/isfd803-chu.infd.edu.ar\/sitio\/unidad-de-medios-audiovisuales\/\" aria-label=\"More on Unidad de Medios Audiovisuales\">[+]<\/a><\/p>\n","protected":false},"author":1315,"featured_media":0,"parent":0,"menu_order":0,"comment_status":"closed","ping_status":"closed","template":"","meta":[],"acf":[],"_links":{"self":[{"href":"https:\/\/isfd803-chu.infd.edu.ar\/sitio\/wp-json\/wp\/v2\/pages\/1267"}],"collection":[{"href":"https:\/\/isfd803-chu.infd.edu.ar\/sitio\/wp-json\/wp\/v2\/pages"}],"about":[{"href":"https:\/\/isfd803-chu.infd.edu.ar\/sitio\/wp-json\/wp\/v2\/types\/page"}],"author":[{"embeddable":true,"href":"https:\/\/isfd803-chu.infd.edu.ar\/sitio\/wp-json\/wp\/v2\/users\/1315"}],"replies":[{"embeddable":true,"href":"https:\/\/isfd803-chu.infd.edu.ar\/sitio\/wp-json\/wp\/v2\/comments?post=1267"}],"version-history":[{"count":1,"href":"https:\/\/isfd803-chu.infd.edu.ar\/sitio\/wp-json\/wp\/v2\/pages\/1267\/revisions"}],"predecessor-version":[{"id":1535,"href":"https:\/\/isfd803-chu.infd.edu.ar\/sitio\/wp-json\/wp\/v2\/pages\/1267\/revisions\/1535"}],"wp:attachment":[{"href":"https:\/\/isfd803-chu.infd.edu.ar\/sitio\/wp-json\/wp\/v2\/media?parent=1267"}],"curies":[{"name":"wp","href":"https:\/\/api.w.org\/{rel}","templated":true}]}}