{"id":11293,"date":"2025-11-08T10:17:19","date_gmt":"2025-11-08T13:17:19","guid":{"rendered":"https:\/\/isfd803-chu.infd.edu.ar\/sitio\/?page_id=11293"},"modified":"2026-03-16T21:48:05","modified_gmt":"2026-03-17T00:48:05","slug":"ingresantes-2026","status":"publish","type":"page","link":"https:\/\/isfd803-chu.infd.edu.ar\/sitio\/ingresantes-2026\/","title":{"rendered":"Ingresantes 2026"},"content":{"rendered":"\n<hr class=\"wp-block-separator has-alpha-channel-opacity\"\/>\n\n\n\n<h2 class=\"wp-block-heading has-text-align-center has-accent-color has-text-color\">Inscripciones cerradas<\/h2>\n\n\n<div class=\"wp-block-image\">\n<figure class=\"aligncenter size-large\"><img decoding=\"async\" loading=\"lazy\" width=\"1900\" height=\"1200\" src=\"https:\/\/isfd803-chu.infd.edu.ar\/sitio\/wp-content\/uploads\/2026\/03\/VACANTES-1900x1200.jpg\" alt=\"\" class=\"wp-image-11524\" srcset=\"https:\/\/isfd803-chu.infd.edu.ar\/sitio\/wp-content\/uploads\/2026\/03\/VACANTES-1900x1200.jpg 1900w, https:\/\/isfd803-chu.infd.edu.ar\/sitio\/wp-content\/uploads\/2026\/03\/VACANTES-1000x632.jpg 1000w, https:\/\/isfd803-chu.infd.edu.ar\/sitio\/wp-content\/uploads\/2026\/03\/VACANTES-768x485.jpg 768w, https:\/\/isfd803-chu.infd.edu.ar\/sitio\/wp-content\/uploads\/2026\/03\/VACANTES-1536x970.jpg 1536w, https:\/\/isfd803-chu.infd.edu.ar\/sitio\/wp-content\/uploads\/2026\/03\/VACANTES-2048x1293.jpg 2048w\" sizes=\"(max-width: 1900px) 100vw, 1900px\" \/><\/figure><\/div>\n\n\n<div class=\"wp-block-buttons is-content-justification-center is-layout-flex wp-container-1\"><\/div>\n\n\n\n<div style=\"height:100px\" aria-hidden=\"true\" class=\"wp-block-spacer\"><\/div>\n\n\n\n<h2 class=\"wp-block-heading has-text-align-left has-accent-color has-text-color\">Inscripci\u00f3n (entrega de documentaci\u00f3n):  de 18:30 a 21:30 Hs<\/h2>\n\n\n\n<p class=\"has-text-align-center\"><strong>Oficina de Estudiantes del ISFD N\u00b0 803  <\/strong><\/p>\n\n\n\n<p class=\"has-text-align-center\"><strong>Sede Esc. N\u00b0 42 <\/strong>(25 de Mayo N\u00b0 1090)<\/p>\n\n\n\n<p class=\"has-text-align-center\"><strong>Sede Esc. N\u00b0 124<\/strong> (Domecq Garc\u00eda N\u00b0 202)<\/p>\n\n\n\n<div style=\"height:47px\" aria-hidden=\"true\" class=\"wp-block-spacer\"><\/div>\n\n\n\n<h2 class=\"wp-block-heading has-text-align-center\">Documentaci\u00f3n a Presentar:<\/h2>\n\n\n\n<ul>\n<li>Planilla de Inscripci\u00f3n<\/li>\n<\/ul>\n\n\n\n<div class=\"wp-block-buttons is-content-justification-center is-layout-flex wp-container-2\">\n<div class=\"wp-block-button\"><a class=\"wp-block-button__link has-background has-text-align-center wp-element-button\" href=\"https:\/\/isfd803-chu.infd.edu.ar\/sitio\/wp-content\/uploads\/2025\/11\/Planilla-de-Inscripcion-2026.docx\" style=\"background-color:#38a0f9\"><strong>DESCARGAR<\/strong><\/a><\/div>\n<\/div>\n\n\n\n<ul>\n<li>Fotocopia del T\u00edtulo de Nivel Medio y\/o Polimodal (o constancia de T\u00edtulo en tr\u00e1mite) AUTENTICADA (Firmada la copia por alg\u00fan directivo escolar)<\/li>\n\n\n\n<li><strong>En caso de adeudar materias, el alumno\/a tendr\u00e1 tiempo para acreditar la finalizaci\u00f3n&nbsp;del Nivel Secundario hasta el 31\/10\/2026 (seg\u00fan Res. N\u00b0 236\/20 del MECH) Hasta entonces, ser\u00e1 alumno de car\u00e1cter condicional. De no acreditar la finalizaci\u00f3n del Secundario para dicha fecha,&nbsp; perder\u00e1 lo aprobado y cursado hasta dicha fecha.)<\/strong><\/li>\n\n\n\n<li>Fotocopia Certificado de Nacimiento.&nbsp;<\/li>\n\n\n\n<li>Fotocopia del DNI, 1\u00b0 y 2\u00b0 hoja.&nbsp;<\/li>\n\n\n\n<li>4 Fotos&nbsp; 4&#215;4<\/li>\n\n\n\n<li>Certificado de Aptitud (Certificado Psicol\u00f3gico,&nbsp; Certificado Cl\u00ednico e Informe Fonoaudiol\u00f3gico extendido por Profesional de la Salud \u2013 Hospital \u2013 Centro de Salud o Particular). Si posee CUD, presentar fotocopia.<\/li>\n\n\n\n<li>Constancia de CUIL<\/li>\n\n\n\n<li>Matr\u00edcula Anual:&nbsp; Transferencia&nbsp;\/ Efectivo. Comisi\u00f3n de apoyo: $20000 (pesos veinte mil) &nbsp;(Libreta de calificaciones + Socio de Biblioteca).<\/li>\n<\/ul>\n\n\n\n<p class=\"has-text-align-center has-background\" style=\"background-color:#ccffa5\"><strong>IMPORTANTE: se recibir\u00e1 \u00fanicamente documentaci\u00f3n&nbsp;COMPLETA<\/strong><\/p>\n\n\n\n<hr class=\"wp-block-separator has-alpha-channel-opacity\"\/>\n\n\n\n<h2 class=\"wp-block-heading has-text-align-center has-accent-color has-text-color\">Consultas: bedelesisfd803@gmail.com<\/h2>\n","protected":false},"excerpt":{"rendered":"<p>Inscripciones cerradas Inscripci\u00f3n (entrega de documentaci\u00f3n): de 18:30 a 21:30 Hs Oficina de Estudiantes del ISFD N\u00b0 803 Sede Esc. N\u00b0 42 (25 de Mayo N\u00b0 1090) Sede Esc. N\u00b0 124 (Domecq Garc\u00eda N\u00b0 202) Documentaci\u00f3n a Presentar: IMPORTANTE: se recibir\u00e1 \u00fanicamente documentaci\u00f3n&nbsp;COMPLETA Consultas: bedelesisfd803@gmail.com<\/p>\n","protected":false},"author":14,"featured_media":0,"parent":0,"menu_order":0,"comment_status":"closed","ping_status":"closed","template":"","meta":[],"acf":[],"_links":{"self":[{"href":"https:\/\/isfd803-chu.infd.edu.ar\/sitio\/wp-json\/wp\/v2\/pages\/11293"}],"collection":[{"href":"https:\/\/isfd803-chu.infd.edu.ar\/sitio\/wp-json\/wp\/v2\/pages"}],"about":[{"href":"https:\/\/isfd803-chu.infd.edu.ar\/sitio\/wp-json\/wp\/v2\/types\/page"}],"author":[{"embeddable":true,"href":"https:\/\/isfd803-chu.infd.edu.ar\/sitio\/wp-json\/wp\/v2\/users\/14"}],"replies":[{"embeddable":true,"href":"https:\/\/isfd803-chu.infd.edu.ar\/sitio\/wp-json\/wp\/v2\/comments?post=11293"}],"version-history":[{"count":19,"href":"https:\/\/isfd803-chu.infd.edu.ar\/sitio\/wp-json\/wp\/v2\/pages\/11293\/revisions"}],"predecessor-version":[{"id":11574,"href":"https:\/\/isfd803-chu.infd.edu.ar\/sitio\/wp-json\/wp\/v2\/pages\/11293\/revisions\/11574"}],"wp:attachment":[{"href":"https:\/\/isfd803-chu.infd.edu.ar\/sitio\/wp-json\/wp\/v2\/media?parent=11293"}],"curies":[{"name":"wp","href":"https:\/\/api.w.org\/{rel}","templated":true}]}}