{"id":10056,"date":"2024-10-02T09:40:35","date_gmt":"2024-10-02T12:40:35","guid":{"rendered":"https:\/\/isfd803-chu.infd.edu.ar\/sitio\/?page_id=10056"},"modified":"2026-03-12T22:22:56","modified_gmt":"2026-03-13T01:22:56","slug":"profesorado-de-educacion-secundaria-en-biologia-res-n-518-19","status":"publish","type":"page","link":"https:\/\/isfd803-chu.infd.edu.ar\/sitio\/profesorado-de-educacion-secundaria-en-biologia-res-n-518-19\/","title":{"rendered":"Profesorado de Educaci\u00f3n Secundaria en Biolog\u00eda (Res. N\u00b0 548\/19)"},"content":{"rendered":"<div class=\"wp-block-image\">\n<figure class=\"aligncenter size-full is-resized\"><img decoding=\"async\" loading=\"lazy\" src=\"https:\/\/isfd803-chu.infd.edu.ar\/sitio\/wp-content\/uploads\/2024\/10\/BIOLOGIA.png\" alt=\"\" class=\"wp-image-10050\" width=\"152\" height=\"159\"\/><\/figure><\/div>\n\n<div class=\"wp-block-image\">\n<figure class=\"aligncenter size-large is-resized\"><a href=\"https:\/\/isfd803-chu.infd.edu.ar\/sitio\/wp-content\/uploads\/2024\/10\/BIOLOGIA-518-19.pdf\"><img decoding=\"async\" loading=\"lazy\" src=\"https:\/\/isfd803-chu.infd.edu.ar\/sitio\/wp-content\/uploads\/2024\/09\/DISENO-CURRICULAR-1900x486.png\" alt=\"\" class=\"wp-image-9897\" width=\"475\" height=\"122\" srcset=\"https:\/\/isfd803-chu.infd.edu.ar\/sitio\/wp-content\/uploads\/2024\/09\/DISENO-CURRICULAR-1900x486.png 1900w, https:\/\/isfd803-chu.infd.edu.ar\/sitio\/wp-content\/uploads\/2024\/09\/DISENO-CURRICULAR-1000x256.png 1000w, https:\/\/isfd803-chu.infd.edu.ar\/sitio\/wp-content\/uploads\/2024\/09\/DISENO-CURRICULAR-768x197.png 768w, https:\/\/isfd803-chu.infd.edu.ar\/sitio\/wp-content\/uploads\/2024\/09\/DISENO-CURRICULAR-1536x393.png 1536w, https:\/\/isfd803-chu.infd.edu.ar\/sitio\/wp-content\/uploads\/2024\/09\/DISENO-CURRICULAR-2048x524.png 2048w\" sizes=\"(max-width: 475px) 100vw, 475px\" \/><\/a><\/figure><\/div>\n\n<div class=\"wp-block-image\">\n<figure class=\"aligncenter size-large is-resized\"><a href=\"https:\/\/isfd803-chu.infd.edu.ar\/sitio\/wp-content\/uploads\/2024\/10\/ESTRUCTURA-CURRICULAR-BIOLOGIA-518-19.pdf\"><img decoding=\"async\" loading=\"lazy\" src=\"https:\/\/isfd803-chu.infd.edu.ar\/sitio\/wp-content\/uploads\/2024\/09\/ESTRUCTURA-CURRICULAR-1900x486.png\" alt=\"\" class=\"wp-image-9898\" width=\"475\" height=\"122\" srcset=\"https:\/\/isfd803-chu.infd.edu.ar\/sitio\/wp-content\/uploads\/2024\/09\/ESTRUCTURA-CURRICULAR-1900x486.png 1900w, https:\/\/isfd803-chu.infd.edu.ar\/sitio\/wp-content\/uploads\/2024\/09\/ESTRUCTURA-CURRICULAR-1000x256.png 1000w, https:\/\/isfd803-chu.infd.edu.ar\/sitio\/wp-content\/uploads\/2024\/09\/ESTRUCTURA-CURRICULAR-768x196.png 768w, https:\/\/isfd803-chu.infd.edu.ar\/sitio\/wp-content\/uploads\/2024\/09\/ESTRUCTURA-CURRICULAR-1536x393.png 1536w, https:\/\/isfd803-chu.infd.edu.ar\/sitio\/wp-content\/uploads\/2024\/09\/ESTRUCTURA-CURRICULAR-2048x524.png 2048w\" sizes=\"(max-width: 475px) 100vw, 475px\" \/><\/a><\/figure><\/div>\n\n<div class=\"wp-block-image\">\n<figure class=\"aligncenter size-full is-resized\"><img decoding=\"async\" loading=\"lazy\" src=\"https:\/\/isfd803-chu.infd.edu.ar\/sitio\/wp-content\/uploads\/2024\/09\/PROGRAMAS.png\" alt=\"\" class=\"wp-image-9901\" width=\"382\" height=\"81\" srcset=\"https:\/\/isfd803-chu.infd.edu.ar\/sitio\/wp-content\/uploads\/2024\/09\/PROGRAMAS.png 1435w, https:\/\/isfd803-chu.infd.edu.ar\/sitio\/wp-content\/uploads\/2024\/09\/PROGRAMAS-1000x213.png 1000w, https:\/\/isfd803-chu.infd.edu.ar\/sitio\/wp-content\/uploads\/2024\/09\/PROGRAMAS-768x164.png 768w\" sizes=\"(max-width: 382px) 100vw, 382px\" \/><\/figure><\/div>\n\n\n<figure class=\"wp-block-table aligncenter is-style-regular\" style=\"font-style:normal;font-weight:500\"><table class=\"has-base-background-color has-background\"><tbody><tr><td class=\"has-text-align-left\" data-align=\"left\" colspan=\"2\">\n          <img decoding=\"async\" loading=\"lazy\" width=\"1015\" height=\"217\" class=\"wp-image-9903\" style=\"width: 300px;\" src=\"https:\/\/isfd803-chu.infd.edu.ar\/sitio\/wp-content\/uploads\/2024\/09\/1-ANO.png\" alt=\"\" srcset=\"https:\/\/isfd803-chu.infd.edu.ar\/sitio\/wp-content\/uploads\/2024\/09\/1-ANO.png 1015w, https:\/\/isfd803-chu.infd.edu.ar\/sitio\/wp-content\/uploads\/2024\/09\/1-ANO-1000x214.png 1000w, https:\/\/isfd803-chu.infd.edu.ar\/sitio\/wp-content\/uploads\/2024\/09\/1-ANO-768x164.png 768w\" sizes=\"(max-width: 1015px) 100vw, 1015px\" \/>\n        <\/td><\/tr><tr><td class=\"has-text-align-left\" data-align=\"left\">Lectura y Escritura Acad\u00e9mica<\/td><td class=\"has-text-align-center\" data-align=\"center\"><a href=\"https:\/\/isfd803-chu.infd.edu.ar\/sitio\/wp-content\/uploads\/2025\/10\/Lectura-y-Escritura-Academica-Mosconi-Anahi-PROGRAMA-2025-Biologia-Anahi-Mosconi-1.doc\">2025<\/a><\/td><\/tr><tr><td class=\"has-text-align-left\" data-align=\"left\">Psicolog\u00eda Educacional<\/td><td class=\"has-text-align-center\" data-align=\"center\"><a href=\"https:\/\/isfd803-chu.infd.edu.ar\/sitio\/wp-content\/uploads\/2025\/09\/Psicologia-Educacional-Prof.-Biologia-Castelnuovo-Renata-Castelnuovo.docx\">2025<\/a><\/td><\/tr><tr><td class=\"has-text-align-left\" data-align=\"left\">Pedagog\u00eda<\/td><td class=\"has-text-align-center\" data-align=\"center\"><\/td><\/tr><tr><td class=\"has-text-align-left\" data-align=\"left\">Did\u00e1ctica General<\/td><td class=\"has-text-align-center\" data-align=\"center\"><a href=\"https:\/\/isfd803-chu.infd.edu.ar\/sitio\/wp-content\/uploads\/2025\/11\/Programa-de-Didactica-General-Emy-Argenti.docx\">2025<\/a><\/td><\/tr><tr><td class=\"has-text-align-left\" data-align=\"left\">Qu\u00edmica I<\/td><td class=\"has-text-align-center\" data-align=\"center\"><a href=\"https:\/\/isfd803-chu.infd.edu.ar\/sitio\/wp-content\/uploads\/2025\/10\/PROGRAMA-2025-QUIMICA-1-Margarita-Ayelen-Rivadero.doc\">2025<\/a><\/td><\/tr><tr><td class=\"has-text-align-left\" data-align=\"left\">Biolog\u00eda General<\/td><td class=\"has-text-align-center\" data-align=\"center\"><a href=\"https:\/\/isfd803-chu.infd.edu.ar\/sitio\/wp-content\/uploads\/2025\/10\/PROGRAMA_BIOLOGI\u0301A-GENERAL_2025-Cecilia-Larreguy.doc\">2025<\/a><\/td><\/tr><tr><td class=\"has-text-align-left\" data-align=\"left\">Pr\u00e1cticas de Laboratorio<\/td><td class=\"has-text-align-center\" data-align=\"center\"><a href=\"https:\/\/isfd803-chu.infd.edu.ar\/sitio\/wp-content\/uploads\/2025\/10\/PROGRAMA_PRACTICASDELABORATORIO_BIOLOGIA_Moreno-Laura-Moreno.pdf\">2025<\/a><\/td><\/tr><tr><td class=\"has-text-align-left\" data-align=\"left\">Educaci\u00f3n para la Salud<\/td><td class=\"has-text-align-center\" data-align=\"center\"><a href=\"https:\/\/isfd803-chu.infd.edu.ar\/sitio\/wp-content\/uploads\/2025\/11\/PROGRAMA-EPS-2025-Cecilia-Larreguy.pdf\">2025<\/a><\/td><\/tr><tr><td class=\"has-text-align-left\" data-align=\"left\">Matem\u00e1tica<\/td><td class=\"has-text-align-center\" data-align=\"center\"><\/td><\/tr><tr><td class=\"has-text-align-left\" data-align=\"left\">Pr\u00e1ctica Profesional Docente I<\/td><td class=\"has-text-align-center\" data-align=\"center\"><a href=\"https:\/\/isfd803-chu.infd.edu.ar\/sitio\/wp-content\/uploads\/2025\/10\/2025-PPDI-BIOLOGIA-PIL-GONZALEZ-Juana-Pil.pdf\">2025<\/a><\/td><\/tr><\/tbody><\/table><\/figure>\n","protected":false},"excerpt":{"rendered":"<p>Lectura y Escritura Acad\u00e9mica 2025 Psicolog\u00eda Educacional 2025 Pedagog\u00eda Did\u00e1ctica General 2025 Qu\u00edmica I 2025 Biolog\u00eda General 2025 Pr\u00e1cticas de Laboratorio 2025 Educaci\u00f3n para la Salud 2025 Matem\u00e1tica Pr\u00e1ctica Profesional Docente I 2025<\/p>\n","protected":false},"author":14,"featured_media":0,"parent":0,"menu_order":0,"comment_status":"closed","ping_status":"closed","template":"","meta":[],"acf":[],"_links":{"self":[{"href":"https:\/\/isfd803-chu.infd.edu.ar\/sitio\/wp-json\/wp\/v2\/pages\/10056"}],"collection":[{"href":"https:\/\/isfd803-chu.infd.edu.ar\/sitio\/wp-json\/wp\/v2\/pages"}],"about":[{"href":"https:\/\/isfd803-chu.infd.edu.ar\/sitio\/wp-json\/wp\/v2\/types\/page"}],"author":[{"embeddable":true,"href":"https:\/\/isfd803-chu.infd.edu.ar\/sitio\/wp-json\/wp\/v2\/users\/14"}],"replies":[{"embeddable":true,"href":"https:\/\/isfd803-chu.infd.edu.ar\/sitio\/wp-json\/wp\/v2\/comments?post=10056"}],"version-history":[{"count":9,"href":"https:\/\/isfd803-chu.infd.edu.ar\/sitio\/wp-json\/wp\/v2\/pages\/10056\/revisions"}],"predecessor-version":[{"id":11541,"href":"https:\/\/isfd803-chu.infd.edu.ar\/sitio\/wp-json\/wp\/v2\/pages\/10056\/revisions\/11541"}],"wp:attachment":[{"href":"https:\/\/isfd803-chu.infd.edu.ar\/sitio\/wp-json\/wp\/v2\/media?parent=10056"}],"curies":[{"name":"wp","href":"https:\/\/api.w.org\/{rel}","templated":true}]}}